Last updated on 2024-05-02 23:51:51 CEST.
Flavor | Version | Tinstall | Tcheck | Ttotal | Status | Flags |
---|---|---|---|---|---|---|
r-devel-linux-x86_64-debian-clang | 0.4.1 | 92.13 | 67.99 | 160.12 | NOTE | |
r-devel-linux-x86_64-debian-gcc | 0.4.1 | 71.35 | 51.25 | 122.60 | NOTE | |
r-devel-linux-x86_64-fedora-clang | 0.4.1 | 245.34 | NOTE | |||
r-devel-linux-x86_64-fedora-gcc | 0.4.1 | 218.63 | NOTE | |||
r-devel-windows-x86_64 | 0.4.1 | 73.00 | 97.00 | 170.00 | NOTE | |
r-patched-linux-x86_64 | 0.4.1 | 83.36 | 64.74 | 148.10 | NOTE | |
r-release-linux-x86_64 | 0.4.1 | 89.74 | 65.67 | 155.41 | NOTE | |
r-release-macos-arm64 | 0.4.1 | 46.00 | NOTE | |||
r-release-windows-x86_64 | 0.4.1 | 74.00 | 96.00 | 170.00 | NOTE | |
r-oldrel-macos-arm64 | 0.4.1 | 52.00 | OK | |||
r-oldrel-macos-x86_64 | 0.4.1 | 87.00 | OK | |||
r-oldrel-windows-x86_64 | 0.4.1 | 87.00 | 109.00 | 196.00 | OK |
Version: 0.4.1
Check: Rd files
Result: NOTE
checkRd: (-1) plot.fbroc.conf.Rd:5: Lost braces
5 | \title{Plots function for object of class{fbroc.conf}}
| ^
Flavors: r-devel-linux-x86_64-debian-clang, r-devel-linux-x86_64-debian-gcc, r-devel-linux-x86_64-fedora-clang, r-devel-linux-x86_64-fedora-gcc, r-devel-windows-x86_64, r-patched-linux-x86_64, r-release-linux-x86_64, r-release-macos-arm64, r-release-windows-x86_64