Last updated on 2025-05-24 02:51:29 CEST.
Flavor | Version | Tinstall | Tcheck | Ttotal | Status | Flags |
---|---|---|---|---|---|---|
r-devel-linux-x86_64-debian-clang | 0.6.1 | 47.23 | 100.14 | 147.37 | OK | |
r-devel-linux-x86_64-debian-gcc | 0.6.1 | 33.45 | 71.42 | 104.87 | OK | |
r-devel-linux-x86_64-fedora-clang | 0.6.1 | 252.11 | OK | |||
r-devel-linux-x86_64-fedora-gcc | 0.6.1 | 241.08 | OK | |||
r-devel-windows-x86_64 | 0.6.1 | 56.00 | 138.00 | 194.00 | OK | |
r-patched-linux-x86_64 | 0.6.1 | 43.16 | 93.07 | 136.23 | OK | |
r-release-linux-x86_64 | 0.6.1 | 47.21 | 94.39 | 141.60 | OK | |
r-release-macos-arm64 | 0.6.1 | 65.00 | OK | |||
r-release-macos-x86_64 | 0.6.1 | 117.00 | OK | |||
r-release-windows-x86_64 | 0.6.1 | 58.00 | 137.00 | 195.00 | OK | |
r-oldrel-macos-arm64 | 0.6.1 | 59.00 | NOTE | |||
r-oldrel-macos-x86_64 | 0.6.1 | 106.00 | NOTE | |||
r-oldrel-windows-x86_64 | 0.6.1 | 68.00 | 160.00 | 228.00 | NOTE |
Version: 0.6.1
Check: installed package size
Result: NOTE
installed size is 8.5Mb
sub-directories of 1Mb or more:
data 5.6Mb
libs 2.6Mb
Flavors: r-oldrel-macos-arm64, r-oldrel-macos-x86_64, r-oldrel-windows-x86_64