Last updated on 2024-05-13 11:56:34 CEST.
Flavor | Version | Tinstall | Tcheck | Ttotal | Status | Flags |
---|---|---|---|---|---|---|
r-devel-linux-x86_64-debian-clang | 1.0.6 | 9.32 | 85.00 | 94.32 | OK | |
r-devel-linux-x86_64-debian-gcc | 1.0.6 | 6.81 | 59.27 | 66.08 | OK | |
r-devel-linux-x86_64-fedora-clang | 1.0.6 | 112.11 | OK | |||
r-devel-linux-x86_64-fedora-gcc | 1.0.6 | 130.92 | OK | |||
r-devel-windows-x86_64 | 1.0.6 | 16.00 | 82.00 | 98.00 | OK | |
r-patched-linux-x86_64 | 1.0.6 | 8.47 | 78.97 | 87.44 | OK | |
r-release-linux-x86_64 | 1.0.6 | 9.22 | 80.28 | 89.50 | OK | |
r-release-macos-arm64 | 1.0.6 | 40.00 | ERROR | |||
r-release-macos-x86_64 | 1.0.6 | 25.00 | ERROR | |||
r-release-windows-x86_64 | 1.0.6 | 19.00 | 83.00 | 102.00 | OK | |
r-oldrel-macos-arm64 | 1.0.6 | 69.00 | OK | |||
r-oldrel-macos-x86_64 | 1.0.6 | 130.00 | OK | |||
r-oldrel-windows-x86_64 | 1.0.6 | 17.00 | 96.00 | 113.00 | OK |
Version: 1.0.6
Check: re-building of vignette outputs
Result: ERROR
Error(s) in re-building vignettes:
...
--- re-building ‘sgr-in-rmd.Rmd’ using rmarkdown
Error: processing vignette 'sgr-in-rmd.Rmd' failed with diagnostics:
there is no package called ‘R6’
--- failed re-building ‘sgr-in-rmd.Rmd’
SUMMARY: processing the following file failed:
‘sgr-in-rmd.Rmd’
Error: Vignette re-building failed.
Execution halted
Flavor: r-release-macos-arm64
Version: 1.0.6
Check: package dependencies
Result: WARN
Skipping vignette re-building
Packages suggested but not available for checking:
'unitizer', 'knitr', 'rmarkdown'
VignetteBuilder package required for checking but not installed: ‘knitr’
Flavor: r-release-macos-x86_64
Version: 1.0.6
Check: examples
Result: ERROR
Running examples in ‘fansi-Ex.R’ failed
The error occurred in:
R Under development (unstable) (2024-01-17 r85813) -- "Unsuffered Consequences"
Copyright (C) 2024 The R Foundation for Statistical Computing
Platform: x86_64-apple-darwin20
R is free software and comes with ABSOLUTELY NO WARRANTY.
You are welcome to redistribute it under certain conditions.
Type 'license()' or 'licence()' for distribution details.
Natural language support but running in an English locale
R is a collaborative project with many contributors.
Type 'contributors()' for more information and
'citation()' on how to cite R or R packages in publications.
Type 'demo()' for some demos, 'help()' for on-line help, or
'help.start()' for an HTML browser interface to help.
Type 'q()' to quit R.
> pkgname <- "fansi"
> source(file.path(R.home("share"), "R", "examples-header.R"))
Execution halted
Flavor: r-release-macos-x86_64
Version: 1.0.6
Check: package vignettes
Result: NOTE
Package has ‘vignettes’ subdirectory but apparently no vignettes.
Perhaps the ‘VignetteBuilder’ information is missing from the
DESCRIPTION file?
* checking PDF version of manual ...* using check arguments '--no-clean-on-error '
Flavor: r-release-macos-x86_64