Last updated on 2025-05-23 19:53:25 CEST.
Flavor | Version | Tinstall | Tcheck | Ttotal | Status | Flags |
---|---|---|---|---|---|---|
r-devel-linux-x86_64-debian-clang | 1.3 | 2.49 | 24.35 | 26.84 | NOTE | |
r-devel-linux-x86_64-debian-gcc | 1.3 | 1.63 | 19.35 | 20.98 | NOTE | |
r-devel-linux-x86_64-fedora-clang | 1.3 | 42.20 | OK | |||
r-devel-linux-x86_64-fedora-gcc | 1.3 | 39.13 | OK | |||
r-devel-windows-x86_64 | 1.3 | 5.00 | 74.00 | 79.00 | OK | |
r-patched-linux-x86_64 | 1.3 | 2.36 | 22.96 | 25.32 | OK | |
r-release-linux-x86_64 | 1.3 | 2.09 | 23.54 | 25.63 | OK | |
r-release-macos-arm64 | 1.3 | 19.00 | OK | |||
r-release-macos-x86_64 | 1.3 | 28.00 | OK | |||
r-release-windows-x86_64 | 1.3 | 3.00 | 66.00 | 69.00 | OK | |
r-oldrel-macos-arm64 | 1.3 | 18.00 | OK | |||
r-oldrel-macos-x86_64 | 1.3 | 25.00 | OK | |||
r-oldrel-windows-x86_64 | 1.3 | 4.00 | 48.00 | 52.00 | OK |
Version: 1.3
Check: CRAN incoming feasibility
Result: NOTE
Maintainer: ‘Michel Lang <michellang@gmail.com>’
No Authors@R field in DESCRIPTION.
Please add one, modifying
Authors@R: person(given = "Michel",
family = "Lang",
role = c("aut", "cre"),
email = "michellang@gmail.com")
as necessary.
Flavors: r-devel-linux-x86_64-debian-clang, r-devel-linux-x86_64-debian-gcc