Last updated on 2025-05-06 02:50:18 CEST.
Flavor | Version | Tinstall | Tcheck | Ttotal | Status | Flags |
---|---|---|---|---|---|---|
r-devel-linux-x86_64-debian-clang | 1.8 | 1.87 | 27.06 | 28.93 | NOTE | |
r-devel-linux-x86_64-debian-gcc | 1.8 | 1.49 | 19.74 | 21.23 | NOTE | |
r-devel-linux-x86_64-fedora-clang | 1.8 | 48.45 | OK | |||
r-devel-linux-x86_64-fedora-gcc | 1.8 | 43.13 | OK | |||
r-devel-windows-x86_64 | 1.8 | 2.00 | 47.00 | 49.00 | OK | |
r-patched-linux-x86_64 | 1.8 | 2.02 | 26.78 | 28.80 | OK | |
r-release-linux-x86_64 | 1.8 | 1.94 | 25.79 | 27.73 | OK | |
r-release-macos-arm64 | 1.8 | 17.00 | OK | |||
r-release-macos-x86_64 | 1.8 | 36.00 | OK | |||
r-release-windows-x86_64 | 1.8 | 4.00 | 46.00 | 50.00 | OK | |
r-oldrel-macos-arm64 | 1.8 | 16.00 | OK | |||
r-oldrel-macos-x86_64 | 1.8 | 29.00 | OK | |||
r-oldrel-windows-x86_64 | 1.8 | 3.00 | 56.00 | 59.00 | OK |
Version: 1.8
Check: CRAN incoming feasibility
Result: NOTE
Maintainer: ‘Bikram Karmakar <bkarmakar@ufl.edu>’
No Authors@R field in DESCRIPTION.
Please add one, modifying
Authors@R: person(given = "Bikram",
family = "Karmakar",
role = c("aut", "cre"),
email = "bkarmakar@ufl.edu")
as necessary.
Flavors: r-devel-linux-x86_64-debian-clang, r-devel-linux-x86_64-debian-gcc