Last updated on 2025-05-28 09:52:54 CEST.
Flavor | Version | Tinstall | Tcheck | Ttotal | Status | Flags |
---|---|---|---|---|---|---|
r-devel-linux-x86_64-debian-clang | 2.3-7.1 | 16.70 | 83.38 | 100.08 | NOTE | |
r-devel-linux-x86_64-debian-gcc | 2.3-7.1 | 12.05 | 56.99 | 69.04 | NOTE | |
r-devel-linux-x86_64-fedora-clang | 2.3-7.1 | 162.65 | OK | |||
r-devel-linux-x86_64-fedora-gcc | 2.3-7.1 | 168.60 | OK | |||
r-devel-windows-x86_64 | 2.3-7.1 | 22.00 | 116.00 | 138.00 | OK | |
r-patched-linux-x86_64 | 2.3-7.1 | 18.82 | 78.71 | 97.53 | OK | |
r-release-linux-x86_64 | 2.3-7.1 | 16.70 | 79.20 | 95.90 | OK | |
r-release-macos-arm64 | 2.3-7.1 | 42.00 | OK | |||
r-release-macos-x86_64 | 2.3-7.1 | 89.00 | OK | |||
r-release-windows-x86_64 | 2.3-7.1 | 20.00 | 117.00 | 137.00 | OK | |
r-oldrel-macos-arm64 | 2.3-7.1 | 45.00 | OK | |||
r-oldrel-macos-x86_64 | 2.3-7.1 | 151.00 | OK | |||
r-oldrel-windows-x86_64 | 2.3-7.1 | 23.00 | 133.00 | 156.00 | OK |
Version: 2.3-7.1
Check: CRAN incoming feasibility
Result: NOTE
Maintainer: ‘Alec Stephenson <alec_stephenson@hotmail.com>’
No Authors@R field in DESCRIPTION.
Please add one, modifying
Authors@R: c(person(given = c("Alec", "Stephenson.", "Function", "fbvpot", "by", "Chris"),
family = "Ferro.",
role = "aut"),
person(given = "Alec",
family = "Stephenson",
role = "cre",
email = "alec_stephenson@hotmail.com"))
as necessary.
Flavors: r-devel-linux-x86_64-debian-clang, r-devel-linux-x86_64-debian-gcc