Last updated on 2024-05-02 15:51:00 CEST.
Flavor | Version | Tinstall | Tcheck | Ttotal | Status | Flags |
---|---|---|---|---|---|---|
r-devel-linux-x86_64-debian-clang | 0.0.3 | 40.92 | 326.46 | 367.38 | NOTE | |
r-devel-linux-x86_64-debian-gcc | 0.0.3 | 26.21 | 227.49 | 253.70 | NOTE | |
r-devel-linux-x86_64-fedora-clang | 0.0.3 | 427.72 | NOTE | |||
r-devel-linux-x86_64-fedora-gcc | 0.0.3 | 404.58 | NOTE | |||
r-devel-windows-x86_64 | 0.0.3 | 24.00 | 198.00 | 222.00 | NOTE | |
r-patched-linux-x86_64 | 0.0.3 | 24.96 | 298.21 | 323.17 | NOTE | |
r-release-linux-x86_64 | 0.0.3 | 23.01 | 296.71 | 319.72 | NOTE | |
r-release-macos-arm64 | 0.0.3 | 95.00 | NOTE | |||
r-release-windows-x86_64 | 0.0.3 | 25.00 | 199.00 | 224.00 | NOTE | |
r-oldrel-macos-arm64 | 0.0.3 | 96.00 | NOTE | |||
r-oldrel-macos-x86_64 | 0.0.3 | 178.00 | NOTE | |||
r-oldrel-windows-x86_64 | 0.0.3 | 35.00 | 244.00 | 279.00 | NOTE |
Version: 0.0.3
Check: LazyData
Result: NOTE
'LazyData' is specified without a 'data' directory
Flavors: r-devel-linux-x86_64-debian-clang, r-devel-linux-x86_64-debian-gcc, r-devel-linux-x86_64-fedora-clang, r-devel-linux-x86_64-fedora-gcc, r-devel-windows-x86_64, r-patched-linux-x86_64, r-release-linux-x86_64, r-release-macos-arm64, r-release-windows-x86_64, r-oldrel-macos-arm64, r-oldrel-macos-x86_64, r-oldrel-windows-x86_64