Last updated on 2024-05-13 06:52:00 CEST.
Flavor | Version | Tinstall | Tcheck | Ttotal | Status | Flags |
---|---|---|---|---|---|---|
r-devel-linux-x86_64-debian-clang | 1.0.1 | 3.68 | 36.64 | 40.32 | NOTE | |
r-devel-linux-x86_64-debian-gcc | 1.0.1 | 2.41 | 25.84 | 28.25 | NOTE | |
r-devel-linux-x86_64-fedora-clang | 1.0.1 | 49.70 | NOTE | |||
r-devel-linux-x86_64-fedora-gcc | 1.0.1 | 51.03 | NOTE | |||
r-devel-windows-x86_64 | 1.0.1 | 3.00 | 49.00 | 52.00 | NOTE | |
r-patched-linux-x86_64 | 1.0.1 | 3.32 | 34.12 | 37.44 | NOTE | |
r-release-linux-x86_64 | 1.0.1 | 2.90 | 33.95 | 36.85 | NOTE | |
r-release-macos-arm64 | 1.0.1 | 17.00 | NOTE | |||
r-release-windows-x86_64 | 1.0.1 | 3.00 | 49.00 | 52.00 | NOTE | |
r-oldrel-macos-arm64 | 1.0.1 | 19.00 | OK | |||
r-oldrel-macos-x86_64 | 1.0.1 | 26.00 | OK | |||
r-oldrel-windows-x86_64 | 1.0.1 | 3.00 | 49.00 | 52.00 | OK |
Version: 1.0.1
Check: Rd files
Result: NOTE
checkRd: (-1) Tm.Rd:46-48: Lost braces in \itemize; \value handles \item{}{} directly
checkRd: (-1) Tm.Rd:49-51: Lost braces in \itemize; \value handles \item{}{} directly
checkRd: (-1) Tm.Rd:52-54: Lost braces in \itemize; \value handles \item{}{} directly
checkRd: (-1) Tm.Rd:55-57: Lost braces in \itemize; \value handles \item{}{} directly
checkRd: (-1) Tm.Rd:58-60: Lost braces in \itemize; \value handles \item{}{} directly
checkRd: (-1) fitpot.Rd:36-39: Lost braces in \itemize; \value handles \item{}{} directly
checkRd: (-1) fitpot.Rd:40-42: Lost braces in \itemize; \value handles \item{}{} directly
checkRd: (-1) fitpot.Rd:43-46: Lost braces in \itemize; \value handles \item{}{} directly
checkRd: (-1) fitpot.Rd:47-49: Lost braces in \itemize; \value handles \item{}{} directly
checkRd: (-1) thrselect.Rd:54-56: Lost braces in \itemize; \value handles \item{}{} directly
checkRd: (-1) thrselect.Rd:57-59: Lost braces in \itemize; \value handles \item{}{} directly
checkRd: (-1) thrselect.Rd:60-62: Lost braces in \itemize; \value handles \item{}{} directly
checkRd: (-1) thrselect.Rd:63-65: Lost braces in \itemize; \value handles \item{}{} directly
checkRd: (-1) thrselect.Rd:66-68: Lost braces in \itemize; \value handles \item{}{} directly
checkRd: (-1) thrselect.Rd:69-71: Lost braces in \itemize; \value handles \item{}{} directly
checkRd: (-1) thrselect.Rd:72-74: Lost braces in \itemize; \value handles \item{}{} directly
checkRd: (-1) thrselect.Rd:75-77: Lost braces in \itemize; \value handles \item{}{} directly
Flavors: r-devel-linux-x86_64-debian-clang, r-devel-linux-x86_64-debian-gcc, r-devel-linux-x86_64-fedora-clang, r-devel-linux-x86_64-fedora-gcc, r-devel-windows-x86_64, r-patched-linux-x86_64, r-release-linux-x86_64, r-release-macos-arm64, r-release-windows-x86_64