Last updated on 2024-05-07 08:55:00 CEST.
Flavor | Version | Tinstall | Tcheck | Ttotal | Status | Flags |
---|---|---|---|---|---|---|
r-devel-linux-x86_64-debian-clang | 0.6.1 | 5.32 | 52.62 | 57.94 | OK | |
r-devel-linux-x86_64-debian-gcc | 0.6.1 | 3.69 | 39.00 | 42.69 | OK | |
r-devel-linux-x86_64-fedora-clang | 0.6.1 | 72.48 | NOTE | |||
r-devel-linux-x86_64-fedora-gcc | 0.6.1 | 121.14 | OK | |||
r-devel-windows-x86_64 | 0.6.1 | 5.00 | 67.00 | 72.00 | OK | |
r-patched-linux-x86_64 | 0.6.1 | 5.21 | 48.66 | 53.87 | OK | |
r-release-linux-x86_64 | 0.6.1 | 4.79 | 49.44 | 54.23 | OK | |
r-release-macos-arm64 | 0.6.1 | 29.00 | OK | |||
r-release-windows-x86_64 | 0.6.1 | 5.00 | 66.00 | 71.00 | OK | |
r-oldrel-macos-arm64 | 0.6.1 | 30.00 | OK | |||
r-oldrel-macos-x86_64 | 0.6.1 | 48.00 | NOTE | |||
r-oldrel-windows-x86_64 | 0.6.1 | 6.00 | 70.00 | 76.00 | OK |
Version: 0.6.1
Check: Rd cross-references
Result: NOTE
Undeclared package ‘OpenMx’ in Rd xrefs
Flavor: r-devel-linux-x86_64-fedora-clang
Version: 0.6.1
Check: package dependencies
Result: NOTE
Package suggested but not available for checking: ‘semTools’
Flavor: r-oldrel-macos-x86_64
Version: 0.6.1
Check: Rd cross-references
Result: NOTE
Packages unavailable to check Rd xrefs: ‘OpenMx’, ‘semTools’
Flavor: r-oldrel-macos-x86_64