Last updated on 2024-05-09 23:07:18 CEST.
Flavor | Version | Tinstall | Tcheck | Ttotal | Status | Flags |
---|---|---|---|---|---|---|
r-devel-linux-x86_64-debian-clang | 1.1.0 | 3.15 | 53.14 | 56.29 | NOTE | |
r-devel-linux-x86_64-debian-gcc | 1.1.0 | 2.28 | 39.30 | 41.58 | NOTE | |
r-devel-linux-x86_64-fedora-clang | 1.1.0 | 75.11 | NOTE | |||
r-devel-linux-x86_64-fedora-gcc | 1.1.0 | 94.19 | NOTE | |||
r-devel-windows-x86_64 | 1.1.0 | 3.00 | 79.00 | 82.00 | NOTE | |
r-patched-linux-x86_64 | 1.1.0 | 2.41 | 51.10 | 53.51 | NOTE | |
r-release-linux-x86_64 | 1.1.0 | 2.98 | 51.50 | 54.48 | NOTE | |
r-release-macos-arm64 | 1.1.0 | 31.00 | NOTE | |||
r-release-windows-x86_64 | 1.1.0 | 4.00 | 69.00 | 73.00 | NOTE | |
r-oldrel-macos-arm64 | 1.1.0 | 31.00 | OK | |||
r-oldrel-macos-x86_64 | 1.1.0 | 71.00 | OK | |||
r-oldrel-windows-x86_64 | 1.1.0 | 4.00 | 66.00 | 70.00 | OK |
Version: 1.1.0
Check: Rd files
Result: NOTE
checkRd: (-1) misClustRate.Rd:18: Lost braces; missing escapes or markup?
18 | Compute the empirical MCR, assuming that #{cluster} = #{block},
| ^
checkRd: (-1) misClustRate.Rd:18: Lost braces; missing escapes or markup?
18 | Compute the empirical MCR, assuming that #{cluster} = #{block},
| ^
Flavors: r-devel-linux-x86_64-debian-clang, r-devel-linux-x86_64-debian-gcc, r-devel-linux-x86_64-fedora-clang, r-devel-linux-x86_64-fedora-gcc, r-devel-windows-x86_64, r-patched-linux-x86_64, r-release-linux-x86_64, r-release-macos-arm64, r-release-windows-x86_64