Last updated on 2025-05-24 02:51:28 CEST.
Flavor | Version | Tinstall | Tcheck | Ttotal | Status | Flags |
---|---|---|---|---|---|---|
r-devel-linux-x86_64-debian-clang | 1.0-0 | 1.11 | 15.81 | 16.92 | NOTE | |
r-devel-linux-x86_64-debian-gcc | 1.0-0 | 1.12 | 13.28 | 14.40 | NOTE | |
r-devel-linux-x86_64-fedora-clang | 1.0-0 | 26.15 | OK | |||
r-devel-linux-x86_64-fedora-gcc | 1.0-0 | 26.11 | OK | |||
r-devel-windows-x86_64 | 1.0-0 | 3.00 | 42.00 | 45.00 | OK | |
r-patched-linux-x86_64 | 1.0-0 | 1.33 | 15.03 | 16.36 | OK | |
r-release-linux-x86_64 | 1.0-0 | 1.20 | 15.25 | 16.45 | OK | |
r-release-macos-arm64 | 1.0-0 | 15.00 | OK | |||
r-release-macos-x86_64 | 1.0-0 | 22.00 | OK | |||
r-release-windows-x86_64 | 1.0-0 | 2.00 | 69.00 | 71.00 | OK | |
r-oldrel-macos-arm64 | 1.0-0 | 14.00 | OK | |||
r-oldrel-macos-x86_64 | 1.0-0 | 19.00 | OK | |||
r-oldrel-windows-x86_64 | 1.0-0 | 2.00 | 45.00 | 47.00 | OK |
Version: 1.0-0
Check: CRAN incoming feasibility
Result: NOTE
Maintainer: ‘Jakob Messner <jakob.messner@posteo.net>’
Package CITATION file contains call(s) to old-style personList() or
as.personList(). Please use c() on person objects instead.
Package CITATION file contains call(s) to old-style citEntry(). Please
use bibentry() instead.
Flavors: r-devel-linux-x86_64-debian-clang, r-devel-linux-x86_64-debian-gcc