Last updated on 2025-05-06 02:50:17 CEST.
Flavor | Version | Tinstall | Tcheck | Ttotal | Status | Flags |
---|---|---|---|---|---|---|
r-devel-linux-x86_64-debian-clang | 0.1.7 | 14.15 | 145.95 | 160.10 | NOTE | |
r-devel-linux-x86_64-debian-gcc | 0.1.7 | 9.46 | 101.26 | 110.72 | NOTE | |
r-devel-linux-x86_64-fedora-clang | 0.1.7 | 248.01 | NOTE | |||
r-devel-linux-x86_64-fedora-gcc | 0.1.7 | 269.10 | NOTE | |||
r-devel-windows-x86_64 | 0.1.7 | 14.00 | 140.00 | 154.00 | NOTE | |
r-patched-linux-x86_64 | 0.1.7 | 12.80 | 137.39 | 150.19 | NOTE | |
r-release-linux-x86_64 | 0.1.7 | 12.52 | 139.16 | 151.68 | NOTE | |
r-release-macos-arm64 | 0.1.7 | 76.00 | NOTE | |||
r-release-macos-x86_64 | 0.1.7 | 135.00 | NOTE | |||
r-release-windows-x86_64 | 0.1.7 | 14.00 | 138.00 | 152.00 | NOTE | |
r-oldrel-macos-arm64 | 0.1.7 | 74.00 | NOTE | |||
r-oldrel-macos-x86_64 | 0.1.7 | 104.00 | NOTE | |||
r-oldrel-windows-x86_64 | 0.1.7 | 20.00 | 176.00 | 196.00 | NOTE |
Version: 0.1.7
Check: CRAN incoming feasibility
Result: NOTE
Maintainer: ‘Manuel Pfeuffer <manuel.pfeuffer@hu-berlin.de>’
The Description field contains
<doi:10.1111/biom.13706>. See Stöcker et. al. (2022) <arXiv:2203.10522>
Please refer to arXiv e-prints via their arXiv DOI <doi:10.48550/arXiv.YYMM.NNNNN>.
Flavors: r-devel-linux-x86_64-debian-clang, r-devel-linux-x86_64-debian-gcc
Version: 0.1.7
Check: Rd files
Result: NOTE
checkRd: (-1) fit_mean.Rd:54: Lost braces
54 | \code{t_optims}{optimal parametrizations}
| ^
checkRd: (-1) fit_mean.Rd:55: Lost braces
55 | \code{G_optims}{optimal rotations}
| ^
checkRd: (-1) fit_mean.Rd:56: Lost braces
56 | \code{b_optims}{optimal scalings}
| ^
checkRd: (-1) fit_mean.Rd:57: Lost braces
57 | \code{n_optims}{optimal re-normalization}
| ^
checkRd: (-1) fit_mean.Rd:58: Lost braces
58 | \code{n_iter}{number of iterations until convergence}
| ^
Flavors: r-devel-linux-x86_64-debian-clang, r-devel-linux-x86_64-debian-gcc, r-devel-linux-x86_64-fedora-clang, r-devel-linux-x86_64-fedora-gcc, r-devel-windows-x86_64, r-patched-linux-x86_64, r-release-linux-x86_64, r-release-macos-arm64, r-release-macos-x86_64, r-release-windows-x86_64, r-oldrel-macos-arm64, r-oldrel-macos-x86_64, r-oldrel-windows-x86_64