Last updated on 2025-10-31 22:49:57 CET.
| Flavor | Version | Tinstall | Tcheck | Ttotal | Status | Flags | 
|---|---|---|---|---|---|---|
| r-devel-linux-x86_64-debian-clang | 1.11 | 1.99 | 28.35 | 30.34 | NOTE | |
| r-devel-linux-x86_64-debian-gcc | 1.11 | 1.56 | 21.74 | 23.30 | NOTE | |
| r-devel-linux-x86_64-fedora-clang | 1.11 | 46.07 | NOTE | |||
| r-devel-linux-x86_64-fedora-gcc | 1.11 | 43.34 | NOTE | |||
| r-devel-windows-x86_64 | 1.11 | 3.00 | 48.00 | 51.00 | NOTE | |
| r-patched-linux-x86_64 | 1.11 | 2.29 | 26.58 | 28.87 | NOTE | |
| r-release-linux-x86_64 | 1.11 | 2.09 | 26.83 | 28.92 | NOTE | |
| r-release-macos-arm64 | 1.11 | 1.00 | 16.00 | 17.00 | NOTE | |
| r-release-macos-x86_64 | 1.11 | 2.00 | 39.00 | 41.00 | NOTE | |
| r-release-windows-x86_64 | 1.11 | 4.00 | 50.00 | 54.00 | NOTE | |
| r-oldrel-macos-arm64 | 1.11 | 1.00 | 21.00 | 22.00 | NOTE | |
| r-oldrel-macos-x86_64 | 1.11 | 3.00 | 34.00 | 37.00 | NOTE | |
| r-oldrel-windows-x86_64 | 1.11 | 3.00 | 46.00 | 49.00 | NOTE | 
Version: 1.11
Check: CRAN incoming feasibility
Result: NOTE
  Maintainer: ‘Peter Hoff <peter.hoff@duke.edu>’
  
  No Authors@R field in DESCRIPTION.
  Please add one, modifying
    Authors@R: person(given = "Peter",
                      family = "Hoff",
                      role = c("aut", "cre"),
                      email = "peter.hoff@duke.edu")
  as necessary.
  
  The Description field contains
    an ordered probit specification. See Hoff (2007) <arXiv:0711.1146> for
  Please refer to arXiv e-prints via their arXiv DOI <doi:10.48550/arXiv.YYMM.NNNNN>.
Flavors: r-devel-linux-x86_64-debian-clang, r-devel-linux-x86_64-debian-gcc
Version: 1.11
Check: package subdirectories
Result: NOTE
  Problems with news in ‘NEWS.md’:
  No news entries found.
Flavors: r-devel-linux-x86_64-debian-clang, r-devel-linux-x86_64-debian-gcc, r-devel-linux-x86_64-fedora-clang, r-devel-linux-x86_64-fedora-gcc, r-devel-windows-x86_64, r-patched-linux-x86_64, r-release-linux-x86_64, r-release-macos-arm64, r-release-macos-x86_64, r-release-windows-x86_64, r-oldrel-macos-arm64, r-oldrel-macos-x86_64, r-oldrel-windows-x86_64