CRAN Package Check Results for Package eicm

Last updated on 2025-07-04 12:48:59 CEST.

Flavor Version Tinstall Tcheck Ttotal Status Flags
r-devel-linux-x86_64-debian-clang 1.0.3 8.65 158.48 167.13 NOTE
r-devel-linux-x86_64-debian-gcc 1.0.3 5.95 108.46 114.41 NOTE
r-devel-linux-x86_64-fedora-clang 1.0.3 275.92 NOTE
r-devel-linux-x86_64-fedora-gcc 1.0.3 296.79 NOTE
r-devel-windows-x86_64 1.0.3 13.00 306.00 319.00 OK
r-patched-linux-x86_64 1.0.3 7.16 155.65 162.81 OK
r-release-linux-x86_64 1.0.3 7.81 155.58 163.39 OK
r-release-macos-arm64 1.0.3 103.00 OK
r-release-macos-x86_64 1.0.3 203.00 OK
r-release-windows-x86_64 1.0.3 15.00 307.00 322.00 OK
r-oldrel-macos-arm64 1.0.3 87.00 OK
r-oldrel-macos-x86_64 1.0.3 144.00 OK
r-oldrel-windows-x86_64 1.0.3 17.00 326.00 343.00 OK

Check Details

Version: 1.0.3
Check: CRAN incoming feasibility
Result: NOTE Maintainer: ‘Miguel Porto <mpbertolo@gmail.com>’ The BugReports field in DESCRIPTION has https://github.com/miguel-porto/eicm which should likely be https://github.com/miguel-porto/eicm/issues instead. Flavors: r-devel-linux-x86_64-debian-clang, r-devel-linux-x86_64-debian-gcc

Version: 1.0.3
Check: dependencies in R code
Result: NOTE Namespace in Imports field not imported from: ‘snow’ All declared Imports should be used. Flavors: r-devel-linux-x86_64-fedora-clang, r-devel-linux-x86_64-fedora-gcc