Last updated on 2024-05-09 21:52:57 CEST.
Flavor | Version | Tinstall | Tcheck | Ttotal | Status | Flags |
---|---|---|---|---|---|---|
r-devel-linux-x86_64-debian-clang | 1.0.5 | 14.60 | 56.51 | 71.11 | OK | |
r-devel-linux-x86_64-debian-gcc | 1.0.5 | 11.03 | 43.13 | 54.16 | OK | |
r-devel-linux-x86_64-fedora-clang | 1.0.5 | 95.72 | NOTE | |||
r-devel-linux-x86_64-fedora-gcc | 1.0.5 | 119.24 | NOTE | |||
r-devel-windows-x86_64 | 1.0.5 | 19.00 | 63.00 | 82.00 | OK | |
r-patched-linux-x86_64 | 1.0.5 | 12.36 | 55.28 | 67.64 | OK | |
r-release-linux-x86_64 | 1.0.5 | 14.38 | 54.92 | 69.30 | OK | |
r-release-macos-arm64 | 1.0.5 | 35.00 | OK | |||
r-release-windows-x86_64 | 1.0.5 | 17.00 | 62.00 | 79.00 | OK | |
r-oldrel-macos-arm64 | 1.0.5 | 33.00 | OK | |||
r-oldrel-macos-x86_64 | 1.0.5 | 50.00 | OK | |||
r-oldrel-windows-x86_64 | 1.0.5 | 20.00 | 67.00 | 87.00 | OK |
Version: 1.0.5
Check: data for non-ASCII characters
Result: NOTE
Note: found 1 marked UTF-8 string
Flavors: r-devel-linux-x86_64-fedora-clang, r-devel-linux-x86_64-fedora-gcc