Last updated on 2024-05-11 10:48:32 CEST.
Flavor | Version | Tinstall | Tcheck | Ttotal | Status | Flags |
---|---|---|---|---|---|---|
r-devel-linux-x86_64-debian-clang | 0.8.7 | 11.15 | 386.52 | 397.67 | OK | |
r-devel-linux-x86_64-debian-gcc | 0.8.7 | 8.52 | 279.01 | 287.53 | OK | |
r-devel-linux-x86_64-fedora-clang | 0.8.7 | 491.32 | OK | |||
r-devel-linux-x86_64-fedora-gcc | 0.8.7 | 500.19 | OK | |||
r-devel-windows-x86_64 | 0.8.7 | 13.00 | 268.00 | 281.00 | OK | |
r-patched-linux-x86_64 | 0.8.7 | 11.84 | 371.03 | 382.87 | OK | |
r-release-linux-x86_64 | 0.8.7 | 9.74 | 347.49 | 357.23 | NOTE | |
r-release-macos-arm64 | 0.8.7 | 125.00 | OK | |||
r-release-macos-x86_64 | 0.8.7 | 397.00 | OK | |||
r-release-windows-x86_64 | 0.8.7 | 13.00 | 266.00 | 279.00 | WARN | |
r-oldrel-macos-arm64 | 0.8.7 | 141.00 | OK | |||
r-oldrel-macos-x86_64 | 0.8.7 | 306.00 | OK | |||
r-oldrel-windows-x86_64 | 0.8.7 | 21.00 | 330.00 | 351.00 | OK |
Version: 0.8.7
Check: package dependencies
Result: NOTE
Package suggested but not available for checking: ‘rstanarm’
Flavor: r-release-linux-x86_64
Version: 0.8.7
Check: whether package can be installed
Result: WARN
Found the following significant warnings:
Warning: S3 methods 'summary.glht', 'confint.glht', 'print.glht', 'coef.glht', 'vcov.glht', 'print.confint.glht', 'plot.confint.glht', 'plot.glht', 'print.contrMat', 'print.summary.glht', 'print.summary.gtest', 'print.cld', 'glht.matrix', 'glht.character', 'glht.expression', 'glht.mcp', 'glht.mlf', 'glht.means', 'coef.parm', 'vcov.parm', 'cld.summary.glht', 'cld.confint.glht', 'cld.glht', 'plot.cld', 'coef.mmm', 'vcov.mmm', 'bread.mmm', 'estfun.mmm', 'modelparm.aovlist', 'modelparm.coxme', 'modelparm.coxph.penal', 'modelparm.default', 'modelparm.fixest', 'modelparm.glmmTMB', 'modelparm.lme', 'modelparm.mer', 'modelparm.merMod', 'modelparm.polr', 'modelparm.survreg' were declared in NAMESPACE but not found
Flavor: r-release-windows-x86_64