Last updated on 2025-07-04 02:51:47 CEST.
Flavor | Version | Tinstall | Tcheck | Ttotal | Status | Flags |
---|---|---|---|---|---|---|
r-devel-linux-x86_64-debian-clang | 1.2.0 | 78.81 | 72.19 | 151.00 | OK | |
r-devel-linux-x86_64-debian-gcc | 1.2.0 | 66.82 | 55.95 | 122.77 | OK | |
r-devel-linux-x86_64-fedora-clang | 1.2.0 | 226.25 | OK | |||
r-devel-linux-x86_64-fedora-gcc | 1.2.0 | 272.45 | OK | |||
r-devel-windows-x86_64 | 1.2.0 | 80.00 | 108.00 | 188.00 | OK | |
r-patched-linux-x86_64 | 1.2.0 | 88.41 | 71.56 | 159.97 | OK | |
r-release-linux-x86_64 | 1.2.0 | 87.24 | 72.42 | 159.66 | OK | |
r-release-macos-arm64 | 1.2.0 | 91.00 | OK | |||
r-release-macos-x86_64 | 1.2.0 | 138.00 | OK | |||
r-release-windows-x86_64 | 1.2.0 | 82.00 | 103.00 | 185.00 | OK | |
r-oldrel-macos-arm64 | 1.2.0 | 63.00 | NOTE | |||
r-oldrel-macos-x86_64 | 1.2.0 | 104.00 | NOTE | |||
r-oldrel-windows-x86_64 | 1.2.0 | 94.00 | 126.00 | 220.00 | NOTE |
Version: 1.2.0
Check: installed package size
Result: NOTE
installed size is 41.6Mb
sub-directories of 1Mb or more:
libs 41.4Mb
Flavors: r-oldrel-macos-arm64, r-oldrel-macos-x86_64, r-oldrel-windows-x86_64