Last updated on 2025-05-24 09:50:18 CEST.
Flavor | Version | Tinstall | Tcheck | Ttotal | Status | Flags |
---|---|---|---|---|---|---|
r-devel-linux-x86_64-debian-clang | 1.2.0 | 76.29 | 69.71 | 146.00 | OK | |
r-devel-linux-x86_64-debian-gcc | 1.2.0 | 64.99 | 55.65 | 120.64 | OK | |
r-devel-linux-x86_64-fedora-clang | 1.2.0 | 227.82 | OK | |||
r-devel-linux-x86_64-fedora-gcc | 1.2.0 | 294.74 | OK | |||
r-devel-windows-x86_64 | 1.2.0 | 86.00 | 135.00 | 221.00 | OK | |
r-patched-linux-x86_64 | 1.2.0 | 84.29 | 71.23 | 155.52 | OK | |
r-release-linux-x86_64 | 1.2.0 | 87.80 | 71.41 | 159.21 | OK | |
r-release-macos-arm64 | 1.2.0 | 91.00 | OK | |||
r-release-macos-x86_64 | 1.2.0 | 138.00 | OK | |||
r-release-windows-x86_64 | 1.2.0 | 82.00 | 215.00 | 297.00 | OK | |
r-oldrel-macos-arm64 | 1.2.0 | 63.00 | NOTE | |||
r-oldrel-macos-x86_64 | 1.2.0 | 104.00 | NOTE | |||
r-oldrel-windows-x86_64 | 1.2.0 | 94.00 | 124.00 | 218.00 | NOTE |
Version: 1.2.0
Check: installed package size
Result: NOTE
installed size is 41.6Mb
sub-directories of 1Mb or more:
libs 41.4Mb
Flavors: r-oldrel-macos-arm64, r-oldrel-macos-x86_64, r-oldrel-windows-x86_64