Last updated on 2024-05-13 09:50:42 CEST.
Flavor | Version | Tinstall | Tcheck | Ttotal | Status | Flags |
---|---|---|---|---|---|---|
r-devel-linux-x86_64-debian-clang | 1.1 | 4.23 | 105.09 | 109.32 | OK | |
r-devel-linux-x86_64-debian-gcc | 1.1 | 3.31 | 71.80 | 75.11 | OK | |
r-devel-linux-x86_64-fedora-clang | 1.1 | 129.71 | NOTE | |||
r-devel-linux-x86_64-fedora-gcc | 1.1 | 154.40 | OK | |||
r-devel-windows-x86_64 | 1.1 | 5.00 | 95.00 | 100.00 | OK | |
r-patched-linux-x86_64 | 1.1 | 4.86 | 96.84 | 101.70 | OK | |
r-release-linux-x86_64 | 1.1 | 3.79 | 97.57 | 101.36 | OK | |
r-release-macos-arm64 | 1.1 | 38.00 | OK | |||
r-release-windows-x86_64 | 1.1 | 4.00 | 96.00 | 100.00 | OK | |
r-oldrel-macos-arm64 | 1.1 | 38.00 | OK | |||
r-oldrel-macos-x86_64 | 1.1 | 72.00 | OK | |||
r-oldrel-windows-x86_64 | 1.1 | 5.00 | 110.00 | 115.00 | OK |
Version: 1.1
Check: Rd cross-references
Result: NOTE
Undeclared package ‘ndl’ in Rd xrefs
Flavor: r-devel-linux-x86_64-fedora-clang