Last updated on 2025-05-28 09:52:53 CEST.
Flavor | Version | Tinstall | Tcheck | Ttotal | Status | Flags |
---|---|---|---|---|---|---|
r-devel-linux-x86_64-debian-clang | 1.1 | 2.09 | 25.99 | 28.08 | OK | |
r-devel-linux-x86_64-debian-gcc | 1.1 | 1.53 | 20.27 | 21.80 | OK | |
r-devel-linux-x86_64-fedora-clang | 1.1 | 43.79 | NOTE | |||
r-devel-linux-x86_64-fedora-gcc | 1.1 | 42.53 | NOTE | |||
r-devel-windows-x86_64 | 1.1 | 3.00 | 48.00 | 51.00 | OK | |
r-patched-linux-x86_64 | 1.1 | 2.06 | 24.88 | 26.94 | OK | |
r-release-linux-x86_64 | 1.1 | 1.92 | 24.81 | 26.73 | OK | |
r-release-macos-arm64 | 1.1 | 17.00 | OK | |||
r-release-macos-x86_64 | 1.1 | 28.00 | OK | |||
r-release-windows-x86_64 | 1.1 | 3.00 | 49.00 | 52.00 | OK | |
r-oldrel-macos-arm64 | 1.1 | 16.00 | OK | |||
r-oldrel-macos-x86_64 | 1.1 | 26.00 | OK | |||
r-oldrel-windows-x86_64 | 1.1 | 3.00 | 50.00 | 53.00 | OK |
Version: 1.1
Check: dependencies in R code
Result: NOTE
Namespace in Imports field not imported from: ‘graphics’
All declared Imports should be used.
Flavors: r-devel-linux-x86_64-fedora-clang, r-devel-linux-x86_64-fedora-gcc