CRAN Package Check Results for Package easyDes

Last updated on 2025-07-03 05:50:29 CEST.

Flavor Version Tinstall Tcheck Ttotal Status Flags
r-devel-linux-x86_64-debian-clang 6.0 9.56 77.34 86.90 NOTE
r-devel-linux-x86_64-debian-gcc 6.0 6.17 57.37 63.54 NOTE
r-devel-linux-x86_64-fedora-clang 6.0 135.59 OK
r-devel-linux-x86_64-fedora-gcc 6.0 128.95 OK
r-devel-windows-x86_64 6.0 11.00 79.00 90.00 OK
r-patched-linux-x86_64 6.0 9.93 74.01 83.94 OK
r-release-linux-x86_64 6.0 8.86 74.13 82.99 OK
r-release-macos-arm64 6.0 41.00 OK
r-release-macos-x86_64 6.0 82.00 OK
r-release-windows-x86_64 6.0 11.00 81.00 92.00 OK
r-oldrel-macos-arm64 6.0 39.00 OK
r-oldrel-macos-x86_64 6.0 57.00 OK
r-oldrel-windows-x86_64 6.0 14.00 98.00 112.00 OK

Check Details

Version: 6.0
Check: CRAN incoming feasibility
Result: NOTE Maintainer: ‘Zhicheng Du<dgdzc@hotmail.com>’ No Authors@R field in DESCRIPTION. Please add one, modifying Authors@R: c(person(given = "Zhicheng", family = "Du", role = c("aut", "cre"), email = "dgdzc@hotmail.com"), person(given = "Yuantao", family = "Hao", role = "aut")) as necessary. Flavors: r-devel-linux-x86_64-debian-clang, r-devel-linux-x86_64-debian-gcc