Last updated on 2024-05-04 10:49:35 CEST.
Flavor | Version | Tinstall | Tcheck | Ttotal | Status | Flags |
---|---|---|---|---|---|---|
r-devel-linux-x86_64-debian-clang | 2.5 | 19.13 | 103.35 | 122.48 | NOTE | |
r-devel-linux-x86_64-debian-gcc | 2.5 | 18.92 | 75.61 | 94.53 | NOTE | |
r-devel-linux-x86_64-fedora-clang | 2.5 | 155.09 | NOTE | |||
r-devel-linux-x86_64-fedora-gcc | 2.5 | 153.45 | NOTE | |||
r-devel-windows-x86_64 | 2.5 | 58.00 | 109.00 | 167.00 | NOTE | |
r-patched-linux-x86_64 | 2.5 | 22.98 | 96.64 | 119.62 | NOTE | |
r-release-linux-x86_64 | 2.5 | 24.56 | 96.30 | 120.86 | NOTE | |
r-release-macos-arm64 | 2.5 | 58.00 | NOTE | |||
r-release-windows-x86_64 | 2.5 | 51.00 | 108.00 | 159.00 | NOTE | |
r-oldrel-macos-arm64 | 2.5 | 61.00 | NOTE | |||
r-oldrel-macos-x86_64 | 2.5 | 130.00 | NOTE | |||
r-oldrel-windows-x86_64 | 2.5 | 57.00 | 124.00 | 181.00 | NOTE |
Version: 2.5
Check: for GNU extensions in Makefiles
Result: NOTE
GNU make is a SystemRequirements.
Flavors: r-devel-linux-x86_64-debian-clang, r-devel-linux-x86_64-debian-gcc, r-devel-linux-x86_64-fedora-clang, r-devel-linux-x86_64-fedora-gcc, r-devel-windows-x86_64, r-patched-linux-x86_64, r-release-linux-x86_64, r-release-macos-arm64, r-release-windows-x86_64, r-oldrel-macos-arm64, r-oldrel-macos-x86_64, r-oldrel-windows-x86_64
Version: 2.5
Check: installed package size
Result: NOTE
installed size is 6.0Mb
sub-directories of 1Mb or more:
bin 3.0Mb
extdata 1.7Mb
Flavors: r-devel-windows-x86_64, r-release-windows-x86_64, r-oldrel-windows-x86_64
Version: 2.5
Check: compiled code
Result: NOTE
File ‘eaf/libs/eaf.so’:
Found ‘___stderrp’, possibly from ‘stderr’ (C)
Objects: ‘eaf/io.o’, ‘mo-tools/hv.o’
Found ‘___stdoutp’, possibly from ‘stdout’ (C)
Object: ‘eaf/io.o’
Compiled code should not call entry points which might terminate R nor
write to stdout/stderr instead of to the console, nor use Fortran I/O
nor system RNGs nor [v]sprintf.
See ‘Writing portable packages’ in the ‘Writing R Extensions’ manual.
Flavors: r-release-macos-arm64, r-oldrel-macos-arm64, r-oldrel-macos-x86_64