CRAN Package Check Results for Package eHDPrep

Last updated on 2025-05-23 04:51:07 CEST.

Flavor Version Tinstall Tcheck Ttotal Status Flags
r-devel-linux-x86_64-debian-clang 1.3.3 16.05 293.68 309.73 NOTE
r-devel-linux-x86_64-debian-gcc 1.3.3 11.38 190.62 202.00 NOTE
r-devel-linux-x86_64-fedora-clang 1.3.3 483.67 OK
r-devel-linux-x86_64-fedora-gcc 1.3.3 487.54 OK
r-devel-windows-x86_64 1.3.3 18.00 342.00 360.00 NOTE
r-patched-linux-x86_64 1.3.3 15.51 279.11 294.62 NOTE
r-release-linux-x86_64 1.3.3 15.78 278.01 293.79 NOTE
r-release-macos-arm64 1.3.3 129.00 OK
r-release-macos-x86_64 1.3.3 551.00 OK
r-release-windows-x86_64 1.3.3 17.00 343.00 360.00 NOTE
r-oldrel-macos-arm64 1.3.3 126.00 OK
r-oldrel-macos-x86_64 1.3.3 263.00 OK
r-oldrel-windows-x86_64 1.3.3 23.00 400.00 423.00 OK

Check Details

Version: 1.3.3
Check: Rd cross-references
Result: NOTE Found the following Rd file(s) with Rd \link{} targets missing package anchors: join_vars_to_ontol.Rd: tidygraph metavariable_agg.Rd: tidygraph Please provide package anchors for all Rd \link{} targets not in the package itself and the base packages. Flavors: r-devel-linux-x86_64-debian-clang, r-devel-linux-x86_64-debian-gcc, r-devel-windows-x86_64, r-patched-linux-x86_64, r-release-linux-x86_64, r-release-windows-x86_64