Last updated on 2025-10-31 20:48:37 CET.
| Flavor | Version | Tinstall | Tcheck | Ttotal | Status | Flags | 
|---|---|---|---|---|---|---|
| r-devel-linux-x86_64-debian-clang | 1.0.5 | 22.55 | 224.48 | 247.03 | NOTE | |
| r-devel-linux-x86_64-debian-gcc | 1.0.5 | 16.44 | 151.01 | 167.45 | NOTE | |
| r-devel-linux-x86_64-fedora-clang | 1.0.5 | 120.00 | 287.87 | 407.87 | NOTE | |
| r-devel-linux-x86_64-fedora-gcc | 1.0.5 | 175.00 | 248.42 | 423.42 | NOTE | |
| r-devel-windows-x86_64 | 1.0.5 | 23.00 | 211.00 | 234.00 | NOTE | |
| r-patched-linux-x86_64 | 1.0.5 | 25.09 | 198.49 | 223.58 | NOTE | |
| r-release-linux-x86_64 | 1.0.5 | 20.99 | 207.33 | 228.32 | NOTE | |
| r-release-macos-arm64 | 1.0.5 | 9.00 | 99.00 | 108.00 | NOTE | |
| r-release-macos-x86_64 | 1.0.5 | 17.00 | 176.00 | 193.00 | NOTE | |
| r-release-windows-x86_64 | 1.0.5 | 23.00 | 207.00 | 230.00 | NOTE | |
| r-oldrel-macos-arm64 | 1.0.5 | 9.00 | 88.00 | 97.00 | NOTE | |
| r-oldrel-macos-x86_64 | 1.0.5 | 14.00 | 138.00 | 152.00 | NOTE | |
| r-oldrel-windows-x86_64 | 1.0.5 | 33.00 | 287.00 | 320.00 | NOTE | 
Version: 1.0.5
Check: CRAN incoming feasibility
Result: NOTE
  Maintainer: ‘Robrecht Cannoodt <rcannood@gmail.com>’
  
  Package CITATION file contains call(s) to old-style citEntry().  Please
  use bibentry() instead.
Flavors: r-devel-linux-x86_64-debian-clang, r-devel-linux-x86_64-debian-gcc
Version: 1.0.5
Check: Rd files
Result: NOTE
  checkRd: (-1) generate_kinetics.Rd:57: Lost braces; missing escapes or markup?
      57 | By default, sampled from {-1, 1} with probabilities {.25, .75}.
         |                          ^
  checkRd: (-1) generate_kinetics.Rd:57: Lost braces; missing escapes or markup?
      57 | By default, sampled from {-1, 1} with probabilities {.25, .75}.
         |                                                     ^
Flavors: r-devel-linux-x86_64-debian-clang, r-devel-linux-x86_64-debian-gcc, r-devel-linux-x86_64-fedora-clang, r-devel-linux-x86_64-fedora-gcc, r-devel-windows-x86_64, r-patched-linux-x86_64, r-release-linux-x86_64, r-release-macos-arm64, r-release-macos-x86_64, r-release-windows-x86_64, r-oldrel-macos-arm64, r-oldrel-macos-x86_64, r-oldrel-windows-x86_64