Last updated on 2024-05-13 06:51:59 CEST.
Flavor | Version | Tinstall | Tcheck | Ttotal | Status | Flags |
---|---|---|---|---|---|---|
r-devel-linux-x86_64-debian-clang | 3.1.0 | 10.64 | 489.68 | 500.32 | NOTE | |
r-devel-linux-x86_64-debian-gcc | 3.1.0 | 8.33 | 340.52 | 348.85 | NOTE | |
r-devel-linux-x86_64-fedora-clang | 3.1.0 | 598.38 | NOTE | |||
r-devel-linux-x86_64-fedora-gcc | 3.1.0 | 607.84 | NOTE | |||
r-devel-windows-x86_64 | 3.1.0 | 11.00 | 355.00 | 366.00 | NOTE | |
r-patched-linux-x86_64 | 3.1.0 | 8.17 | 466.50 | 474.67 | NOTE | |
r-release-linux-x86_64 | 3.1.0 | 8.30 | 457.12 | 465.42 | NOTE | |
r-release-macos-arm64 | 3.1.0 | 157.00 | NOTE | |||
r-release-windows-x86_64 | 3.1.0 | 12.00 | 347.00 | 359.00 | NOTE | |
r-oldrel-macos-arm64 | 3.1.0 | 175.00 | OK | |||
r-oldrel-macos-x86_64 | 3.1.0 | 308.00 | OK | |||
r-oldrel-windows-x86_64 | 3.1.0 | 12.00 | 445.00 | 457.00 | OK |
Version: 3.1.0
Check: Rd files
Result: NOTE
checkRd: (-1) dreamerplot.Rd:53: Lost braces; missing escapes or markup?
53 | a dose returns the plot of pr(trt_dose - trt_{reference_dose} | data).}
| ^
checkRd: (-1) posterior.Rd:70: Lost braces; missing escapes or markup?
70 | a dose returns the plot of pr(trt_dose - trt_{reference_dose} | data).}
| ^
Flavors: r-devel-linux-x86_64-debian-clang, r-devel-linux-x86_64-debian-gcc, r-devel-linux-x86_64-fedora-clang, r-devel-linux-x86_64-fedora-gcc, r-devel-windows-x86_64, r-patched-linux-x86_64, r-release-linux-x86_64, r-release-macos-arm64, r-release-windows-x86_64