CRAN Package Check Results for Package doubt

Last updated on 2025-07-01 21:51:56 CEST.

Flavor Version Tinstall Tcheck Ttotal Status Flags
r-devel-linux-x86_64-debian-clang 0.1.0 1.48 22.47 23.95 OK
r-devel-linux-x86_64-debian-gcc 0.1.0 1.45 18.63 20.08 OK
r-devel-linux-x86_64-fedora-clang 0.1.0 35.92 OK
r-devel-linux-x86_64-fedora-gcc 0.1.0 34.12 OK
r-devel-windows-x86_64 0.1.0 2.00 43.00 45.00 OK
r-patched-linux-x86_64 OK
r-release-linux-x86_64 0.1.0 1.72 20.33 22.05 OK
r-release-macos-arm64 0.1.0 18.00 OK
r-release-macos-x86_64 0.1.0 26.00 OK
r-release-windows-x86_64 0.1.0 3.00 44.00 47.00 OK
r-oldrel-macos-arm64 0.1.0 16.00 NOTE
r-oldrel-macos-x86_64 0.1.0 23.00 NOTE
r-oldrel-windows-x86_64 0.1.0 3.00 47.00 50.00 NOTE

Check Details

Version: 0.1.0
Check: LazyData
Result: NOTE 'LazyData' is specified without a 'data' directory Flavors: r-oldrel-macos-arm64, r-oldrel-macos-x86_64, r-oldrel-windows-x86_64