Last updated on 2025-05-23 19:53:24 CEST.
Flavor | Version | Tinstall | Tcheck | Ttotal | Status | Flags |
---|---|---|---|---|---|---|
r-devel-linux-x86_64-debian-clang | 1.0.20 | 2.02 | 19.55 | 21.57 | NOTE | |
r-devel-linux-x86_64-debian-gcc | 1.0.20 | 1.64 | 16.64 | 18.28 | NOTE | |
r-devel-linux-x86_64-fedora-clang | 1.0.20 | 33.77 | OK | |||
r-devel-linux-x86_64-fedora-gcc | 1.0.20 | 31.75 | OK | |||
r-devel-windows-x86_64 | 1.0.20 | 4.00 | 41.00 | 45.00 | OK | |
r-patched-linux-x86_64 | 1.0.20 | 2.01 | 19.14 | 21.15 | NOTE | |
r-release-linux-x86_64 | 1.0.20 | 1.58 | 18.76 | 20.34 | NOTE | |
r-release-macos-arm64 | 1.0.20 | 16.00 | OK | |||
r-release-macos-x86_64 | 1.0.20 | 27.00 | OK | |||
r-release-windows-x86_64 | 1.0.20 | 4.00 | 74.00 | 78.00 | OK | |
r-oldrel-macos-arm64 | 1.0.20 | 16.00 | OK | |||
r-oldrel-macos-x86_64 | 1.0.20 | 21.00 | OK | |||
r-oldrel-windows-x86_64 | 1.0.20 | 4.00 | 45.00 | 49.00 | OK |
Version: 1.0.20
Check: R code for possible problems
Result: NOTE
Found the following calls to attach():
File ‘doSNOW/R/doSNOW.R’:
attach(exportEnv)
See section ‘Good practice’ in ‘?attach’.
Flavors: r-devel-linux-x86_64-debian-clang, r-devel-linux-x86_64-debian-gcc, r-patched-linux-x86_64, r-release-linux-x86_64