CRAN Package Check Results for Package doRedis

Last updated on 2025-05-23 19:53:24 CEST.

Flavor Version Tinstall Tcheck Ttotal Status Flags
r-devel-linux-x86_64-debian-clang 3.0.2 3.43 34.04 37.47 NOTE
r-devel-linux-x86_64-debian-gcc 3.0.2 2.39 28.19 30.58 NOTE
r-devel-linux-x86_64-fedora-clang 3.0.2 57.68 NOTE
r-devel-linux-x86_64-fedora-gcc 3.0.2 68.91 NOTE
r-devel-windows-x86_64 3.0.2 8.00 181.00 189.00 NOTE
r-patched-linux-x86_64 3.0.2 3.22 31.97 35.19 NOTE
r-release-linux-x86_64 3.0.2 2.99 31.78 34.77 NOTE
r-release-macos-arm64 3.0.2 38.00 NOTE
r-release-macos-x86_64 3.0.2 63.00 NOTE
r-release-windows-x86_64 3.0.2 8.00 162.00 170.00 NOTE
r-oldrel-macos-arm64 3.0.2 31.00 NOTE
r-oldrel-macos-x86_64 3.0.2 51.00 NOTE
r-oldrel-windows-x86_64 3.0.2 9.00 91.00 100.00 NOTE

Check Details

Version: 3.0.2
Check: CRAN incoming feasibility
Result: NOTE Maintainer: ‘B. W. Lewis <blewis@illposed.net>’ No Authors@R field in DESCRIPTION. Please add one, modifying Authors@R: person(given = c("B.", "W."), family = "Lewis", role = c("aut", "cre"), email = "blewis@illposed.net") as necessary. Flavors: r-devel-linux-x86_64-debian-clang, r-devel-linux-x86_64-debian-gcc

Version: 3.0.2
Check: Rd files
Result: NOTE checkRd: (-1) redisWorker.Rd:56: Lost braces; missing escapes or markup? 56 | You can increase it by including a {timeout=n} argument value. | ^ checkRd: (-1) startLocalWorkers.Rd:54: Lost braces; missing escapes or markup? 54 | You can increase it by including a {timeout=n} argument value. | ^ Flavors: r-devel-linux-x86_64-debian-clang, r-devel-linux-x86_64-debian-gcc, r-devel-linux-x86_64-fedora-clang, r-devel-linux-x86_64-fedora-gcc, r-devel-windows-x86_64, r-patched-linux-x86_64, r-release-linux-x86_64, r-release-macos-arm64, r-release-macos-x86_64, r-release-windows-x86_64, r-oldrel-macos-arm64, r-oldrel-macos-x86_64, r-oldrel-windows-x86_64

Version: 3.0.2
Check: Rd cross-references
Result: NOTE Found the following Rd file(s) with Rd \link{} targets missing package anchors: redisDelete.Rd: hiredis redisGet.Rd: hiredis redisSet.Rd: hiredis registerDoRedis.Rd: foreach Please provide package anchors for all Rd \link{} targets not in the package itself and the base packages. Flavors: r-devel-linux-x86_64-debian-clang, r-devel-linux-x86_64-debian-gcc, r-devel-windows-x86_64, r-patched-linux-x86_64, r-release-linux-x86_64, r-release-windows-x86_64