CRAN Package Check Results for Package dlbayes

Last updated on 2025-07-04 20:49:12 CEST.

Flavor Version Tinstall Tcheck Ttotal Status Flags
r-devel-linux-x86_64-debian-clang 0.1.0 1.90 37.66 39.56 NOTE
r-devel-linux-x86_64-debian-gcc 0.1.0 1.48 28.17 29.65 NOTE
r-devel-linux-x86_64-fedora-clang 0.1.0 60.89 OK
r-devel-linux-x86_64-fedora-gcc 0.1.0 57.83 OK
r-devel-windows-x86_64 0.1.0 4.00 65.00 69.00 OK
r-patched-linux-x86_64 0.1.0 1.94 34.55 36.49 OK
r-release-linux-x86_64 0.1.0 1.80 34.53 36.33 OK
r-release-macos-arm64 0.1.0 26.00 OK
r-release-macos-x86_64 0.1.0 48.00 OK
r-release-windows-x86_64 0.1.0 3.00 59.00 62.00 OK
r-oldrel-macos-arm64 0.1.0 20.00 NOTE
r-oldrel-macos-x86_64 0.1.0 32.00 NOTE
r-oldrel-windows-x86_64 0.1.0 4.00 67.00 71.00 NOTE

Check Details

Version: 0.1.0
Check: CRAN incoming feasibility
Result: NOTE Maintainer: ‘Shijia Zhang <zsj27@mail.ustc.edu.cn>’ No Authors@R field in DESCRIPTION. Please add one, modifying Authors@R: c(person(given = c("Shijia", "Zhang;", "Meng"), family = "Li", role = "aut"), person(given = "Shijia", family = "Zhang", role = "cre", email = "zsj27@mail.ustc.edu.cn")) as necessary. Flavors: r-devel-linux-x86_64-debian-clang, r-devel-linux-x86_64-debian-gcc

Version: 0.1.0
Check: LazyData
Result: NOTE 'LazyData' is specified without a 'data' directory Flavors: r-oldrel-macos-arm64, r-oldrel-macos-x86_64, r-oldrel-windows-x86_64