Last updated on 2025-07-23 23:50:59 CEST.
Flavor | Version | Tinstall | Tcheck | Ttotal | Status | Flags |
---|---|---|---|---|---|---|
r-devel-linux-x86_64-debian-clang | 0.2-3 | 40.02 | 359.41 | 399.43 | NOTE | |
r-devel-linux-x86_64-debian-gcc | 0.2-3 | 24.75 | 237.76 | 262.51 | NOTE | |
r-devel-linux-x86_64-fedora-clang | 0.2-3 | 623.51 | OK | |||
r-devel-linux-x86_64-fedora-gcc | 0.2-3 | 599.95 | OK | |||
r-devel-windows-x86_64 | 0.2-3 | 33.00 | 262.00 | 295.00 | OK | |
r-patched-linux-x86_64 | 0.2-3 | 36.55 | 341.18 | 377.73 | OK | |
r-release-linux-x86_64 | 0.2-3 | 36.77 | 339.75 | 376.52 | OK | |
r-release-macos-arm64 | 0.2-3 | 150.00 | OK | |||
r-release-macos-x86_64 | 0.2-3 | 308.00 | OK | |||
r-release-windows-x86_64 | 0.2-3 | 33.00 | 264.00 | 297.00 | OK | |
r-oldrel-macos-arm64 | 0.2-3 | 137.00 | OK | |||
r-oldrel-macos-x86_64 | 0.2-3 | 229.00 | OK | |||
r-oldrel-windows-x86_64 | 0.2-3 | 48.00 | 370.00 | 418.00 | OK |
Version: 0.2-3
Check: CRAN incoming feasibility
Result: NOTE
Maintainer: ‘Pierre Roudier <roudierp@landcareresearch.co.nz>’
Found the following URLs which should use \doi (with the DOI name only):
File ‘dissever.Rd’:
http://dx.doi.org/10.1016/j.cageo.2011.08.021
File ‘edgeroi.Rd’:
http://dx.doi.org/10.1016/S0016-7061(03)00223-4
http://dx.doi.org/10.1016/j.geoderma.2009.10.007
Flavors: r-devel-linux-x86_64-debian-clang, r-devel-linux-x86_64-debian-gcc