Last updated on 2025-11-02 06:50:03 CET.
| Flavor | Version | Tinstall | Tcheck | Ttotal | Status | Flags |
|---|---|---|---|---|---|---|
| r-devel-linux-x86_64-debian-clang | 1.19.1 | 13.28 | 411.35 | 424.63 | OK | |
| r-devel-linux-x86_64-debian-gcc | 1.19.1 | 8.77 | 262.49 | 271.26 | OK | |
| r-devel-linux-x86_64-fedora-clang | 1.19.1 | 52.00 | 652.56 | 704.56 | OK | |
| r-devel-linux-x86_64-fedora-gcc | 1.19.1 | 107.00 | 607.01 | 714.01 | OK | |
| r-devel-windows-x86_64 | 1.19.1 | 17.00 | 426.00 | 443.00 | OK | |
| r-patched-linux-x86_64 | 1.19.1 | 13.53 | 387.23 | 400.76 | OK | |
| r-release-linux-x86_64 | 1.19.1 | 11.71 | 391.53 | 403.24 | OK | |
| r-release-macos-arm64 | 1.19.1 | 5.00 | 152.00 | 157.00 | OK | |
| r-release-macos-x86_64 | 1.19.1 | 10.00 | 317.00 | 327.00 | OK | |
| r-release-windows-x86_64 | 1.19.1 | 16.00 | 415.00 | 431.00 | OK | |
| r-oldrel-macos-arm64 | 1.19.1 | 5.00 | 152.00 | 157.00 | NOTE | |
| r-oldrel-macos-x86_64 | 1.19.1 | 11.00 | 331.00 | 342.00 | NOTE | |
| r-oldrel-windows-x86_64 | 1.19.1 | 22.00 | 561.00 | 583.00 | NOTE |
Version: 1.19.1
Check: installed package size
Result: NOTE
installed size is 6.9Mb
sub-directories of 1Mb or more:
doc 5.8Mb
Flavors: r-oldrel-macos-arm64, r-oldrel-macos-x86_64, r-oldrel-windows-x86_64