Last updated on 2024-05-13 09:50:41 CEST.
Flavor | Version | Tinstall | Tcheck | Ttotal | Status | Flags |
---|---|---|---|---|---|---|
r-devel-linux-x86_64-debian-clang | 1.0.4 | 5.75 | 42.98 | 48.73 | NOTE | |
r-devel-linux-x86_64-debian-gcc | 1.0.4 | 4.40 | 31.45 | 35.85 | NOTE | |
r-devel-linux-x86_64-fedora-clang | 1.0.4 | 60.50 | NOTE | |||
r-devel-linux-x86_64-fedora-gcc | 1.0.4 | 84.43 | NOTE | |||
r-devel-windows-x86_64 | 1.0.4 | 6.00 | 53.00 | 59.00 | NOTE | |
r-patched-linux-x86_64 | 1.0.4 | 4.58 | 41.86 | 46.44 | NOTE | |
r-release-linux-x86_64 | 1.0.4 | 5.54 | 42.33 | 47.87 | NOTE | |
r-release-macos-arm64 | 1.0.4 | 21.00 | NOTE | |||
r-release-windows-x86_64 | 1.0.4 | 6.00 | 53.00 | 59.00 | NOTE | |
r-oldrel-macos-arm64 | 1.0.4 | 22.00 | NOTE | |||
r-oldrel-macos-x86_64 | 1.0.4 | 30.00 | NOTE | |||
r-oldrel-windows-x86_64 | 1.0.4 | 7.00 | 54.00 | 61.00 | NOTE |
Version: 1.0.4
Check: package subdirectories
Result: NOTE
Problems with news in ‘NEWS.md’:
No news entries found.
Flavors: r-devel-linux-x86_64-debian-clang, r-devel-linux-x86_64-debian-gcc, r-devel-linux-x86_64-fedora-clang, r-devel-linux-x86_64-fedora-gcc, r-devel-windows-x86_64, r-patched-linux-x86_64, r-release-linux-x86_64, r-release-macos-arm64, r-release-windows-x86_64, r-oldrel-macos-arm64, r-oldrel-macos-x86_64, r-oldrel-windows-x86_64