Last updated on 2025-10-31 22:49:56 CET.
| Flavor | Version | Tinstall | Tcheck | Ttotal | Status | Flags | 
|---|---|---|---|---|---|---|
| r-devel-linux-x86_64-debian-clang | 0.2 | 8.68 | 77.67 | 86.35 | NOTE | |
| r-devel-linux-x86_64-debian-gcc | 0.2 | 5.55 | 55.46 | 61.01 | NOTE | |
| r-devel-linux-x86_64-fedora-clang | 0.2 | 18.00 | 112.82 | 130.82 | OK | |
| r-devel-linux-x86_64-fedora-gcc | 0.2 | 18.00 | 118.40 | 136.40 | OK | |
| r-devel-windows-x86_64 | 0.2 | 10.00 | 83.00 | 93.00 | OK | |
| r-patched-linux-x86_64 | 0.2 | 7.15 | 71.67 | 78.82 | OK | |
| r-release-linux-x86_64 | 0.2 | 7.93 | 72.47 | 80.40 | OK | |
| r-release-macos-arm64 | 0.2 | 5.00 | 50.00 | 55.00 | OK | |
| r-release-macos-x86_64 | 0.2 | 6.00 | 68.00 | 74.00 | OK | |
| r-release-windows-x86_64 | 0.2 | 12.00 | 86.00 | 98.00 | OK | |
| r-oldrel-macos-arm64 | 0.2 | 3.00 | 36.00 | 39.00 | OK | |
| r-oldrel-macos-x86_64 | 0.2 | 5.00 | 55.00 | 60.00 | OK | |
| r-oldrel-windows-x86_64 | 0.2 | 13.00 | 108.00 | 121.00 | OK | 
Version: 0.2
Check: CRAN incoming feasibility
Result: NOTE
  Maintainer: ‘Neeraj Bokde <neerajdhanraj@gmail.com>’
  
  No Authors@R field in DESCRIPTION.
  Please add one, modifying
    Authors@R: person(given = "Neeraj",
                      family = "Bokde",
                      role = c("aut", "cre"),
                      email = "neerajdhanraj@gmail.com")
  as necessary.
  
  Package CITATION file contains call(s) to old-style personList() or
  as.personList().  Please use c() on person objects instead.
  Package CITATION file contains call(s) to old-style citEntry().  Please
  use bibentry() instead.
Flavors: r-devel-linux-x86_64-debian-clang, r-devel-linux-x86_64-debian-gcc