Last updated on 2024-05-21 15:50:20 CEST.
Flavor | Version | Tinstall | Tcheck | Ttotal | Status | Flags |
---|---|---|---|---|---|---|
r-devel-linux-x86_64-debian-clang | 0.9.2 | 58.13 | 30.27 | 88.40 | NOTE | |
r-devel-linux-x86_64-debian-gcc | 0.9.2 | 40.02 | 22.75 | 62.77 | NOTE | |
r-devel-linux-x86_64-fedora-clang | 0.9.2 | 136.12 | NOTE | |||
r-devel-linux-x86_64-fedora-gcc | 0.9.2 | 132.23 | NOTE | |||
r-devel-windows-x86_64 | 0.9.2 | 48.00 | 67.00 | 115.00 | NOTE | |
r-patched-linux-x86_64 | 0.9.2 | 60.13 | 28.85 | 88.98 | NOTE | |
r-release-linux-x86_64 | 0.9.2 | 61.00 | 28.33 | 89.33 | NOTE | |
r-release-macos-arm64 | 0.9.2 | 30.00 | NOTE | |||
r-release-windows-x86_64 | 0.9.2 | 49.00 | 68.00 | 117.00 | NOTE | |
r-oldrel-macos-arm64 | 0.9.2 | 34.00 | NOTE | |||
r-oldrel-macos-x86_64 | 0.9.2 | 52.00 | NOTE | |||
r-oldrel-windows-x86_64 | 0.9.2 | 60.00 | 72.00 | 132.00 | NOTE |
Version: 0.9.2
Check: C++ specification
Result: NOTE
Specified C++11: please drop specification unless essential
Flavors: r-devel-linux-x86_64-debian-clang, r-devel-linux-x86_64-debian-gcc, r-devel-linux-x86_64-fedora-clang, r-devel-linux-x86_64-fedora-gcc, r-devel-windows-x86_64, r-patched-linux-x86_64, r-release-linux-x86_64, r-release-macos-arm64, r-release-windows-x86_64, r-oldrel-macos-arm64, r-oldrel-macos-x86_64, r-oldrel-windows-x86_64