Last updated on 2025-11-01 03:49:47 CET.
| Flavor | Version | Tinstall | Tcheck | Ttotal | Status | Flags |
|---|---|---|---|---|---|---|
| r-devel-linux-x86_64-debian-clang | 0.2-8 | 4.51 | 48.31 | 52.82 | OK | |
| r-devel-linux-x86_64-debian-gcc | 0.2-8 | 3.52 | 37.95 | 41.47 | OK | |
| r-devel-linux-x86_64-fedora-clang | 0.2-8 | 10.00 | 73.65 | 83.65 | OK | |
| r-devel-linux-x86_64-fedora-gcc | 0.2-8 | 93.84 | OK | |||
| r-devel-windows-x86_64 | 0.2-8 | 6.00 | 60.00 | 66.00 | OK | |
| r-patched-linux-x86_64 | 0.2-8 | 3.24 | 47.09 | 50.33 | OK | |
| r-release-linux-x86_64 | 0.2-8 | 4.47 | 45.93 | 50.40 | OK | |
| r-release-macos-arm64 | 0.2-8 | 2.00 | 41.00 | 43.00 | OK | |
| r-release-macos-x86_64 | 0.2-8 | 5.00 | 63.00 | 68.00 | OK | |
| r-release-windows-x86_64 | 0.2-8 | 6.00 | 65.00 | 71.00 | OK | |
| r-oldrel-macos-arm64 | 0.2-8 | 2.00 | 28.00 | 30.00 | NOTE | |
| r-oldrel-macos-x86_64 | 0.2-8 | 4.00 | 46.00 | 50.00 | NOTE | |
| r-oldrel-windows-x86_64 | 0.2-8 | 8.00 | 75.00 | 83.00 | NOTE |
Version: 0.2-8
Check: LazyData
Result: NOTE
'LazyData' is specified without a 'data' directory
Flavors: r-oldrel-macos-arm64, r-oldrel-macos-x86_64, r-oldrel-windows-x86_64