Last updated on 2025-05-23 13:49:31 CEST.
Flavor | Version | Tinstall | Tcheck | Ttotal | Status | Flags |
---|---|---|---|---|---|---|
r-devel-linux-x86_64-debian-clang | 0.0.1 | 1.48 | 15.82 | 17.30 | OK | |
r-devel-linux-x86_64-debian-gcc | 0.0.1 | 1.36 | 13.54 | 14.90 | OK | |
r-devel-linux-x86_64-fedora-clang | 0.0.1 | 26.65 | OK | |||
r-devel-linux-x86_64-fedora-gcc | 0.0.1 | 25.44 | OK | |||
r-devel-windows-x86_64 | 0.0.1 | 3.00 | 41.00 | 44.00 | OK | |
r-patched-linux-x86_64 | 0.0.1 | 1.40 | 15.38 | 16.78 | OK | |
r-release-linux-x86_64 | 0.0.1 | 1.49 | 15.27 | 16.76 | OK | |
r-release-macos-arm64 | 0.0.1 | 14.00 | OK | |||
r-release-macos-x86_64 | 0.0.1 | 21.00 | OK | |||
r-release-windows-x86_64 | 0.0.1 | 3.00 | 37.00 | 40.00 | OK | |
r-oldrel-macos-arm64 | 0.0.1 | 13.00 | NOTE | |||
r-oldrel-macos-x86_64 | 0.0.1 | 20.00 | NOTE | |||
r-oldrel-windows-x86_64 | 0.0.1 | 2.00 | 34.00 | 36.00 | NOTE |
Version: 0.0.1
Check: LazyData
Result: NOTE
'LazyData' is specified without a 'data' directory
Flavors: r-oldrel-macos-arm64, r-oldrel-macos-x86_64, r-oldrel-windows-x86_64