Last updated on 2025-07-04 20:49:11 CEST.
Flavor | Version | Tinstall | Tcheck | Ttotal | Status | Flags |
---|---|---|---|---|---|---|
r-devel-linux-x86_64-debian-clang | 1.2.2 | 5.02 | 46.45 | 51.47 | OK | |
r-devel-linux-x86_64-debian-gcc | 1.2.2 | 3.72 | 33.43 | 37.15 | OK | |
r-devel-linux-x86_64-fedora-clang | 1.2.2 | 83.58 | NOTE | |||
r-devel-linux-x86_64-fedora-gcc | 1.2.2 | 78.95 | NOTE | |||
r-devel-windows-x86_64 | 1.2.2 | 7.00 | 68.00 | 75.00 | OK | |
r-patched-linux-x86_64 | 1.2.2 | 5.35 | 43.10 | 48.45 | OK | |
r-release-linux-x86_64 | 1.2.2 | 5.14 | 43.46 | 48.60 | OK | |
r-release-macos-arm64 | 1.2.2 | 29.00 | OK | |||
r-release-macos-x86_64 | 1.2.2 | 42.00 | OK | |||
r-release-windows-x86_64 | 1.2.2 | 8.00 | 68.00 | 76.00 | OK | |
r-oldrel-macos-arm64 | 1.2.2 | 28.00 | OK | |||
r-oldrel-macos-x86_64 | 1.2.2 | 37.00 | OK | |||
r-oldrel-windows-x86_64 | 1.2.2 | 9.00 | 82.00 | 91.00 | OK |
Version: 1.2.2
Check: dependencies in R code
Result: NOTE
Namespace in Imports field not imported from: ‘Rdpack’
All declared Imports should be used.
Flavors: r-devel-linux-x86_64-fedora-clang, r-devel-linux-x86_64-fedora-gcc