CRAN Package Check Results for Package crypto2

Last updated on 2025-05-22 15:51:50 CEST.

Flavor Version Tinstall Tcheck Ttotal Status Flags
r-devel-linux-x86_64-debian-clang 2.0.3 6.51 56.40 62.91 NOTE
r-devel-linux-x86_64-debian-gcc 2.0.3 4.72 38.78 43.50 NOTE
r-devel-linux-x86_64-fedora-clang 2.0.3 94.47 NOTE
r-devel-linux-x86_64-fedora-gcc 2.0.3 89.29 NOTE
r-devel-windows-x86_64 2.0.3 7.00 86.00 93.00 NOTE
r-patched-linux-x86_64 2.0.3 6.26 50.86 57.12 NOTE
r-release-linux-x86_64 2.0.3 6.80 50.95 57.75 NOTE
r-release-macos-arm64 2.0.3 28.00 NOTE
r-release-macos-x86_64 2.0.3 55.00 NOTE
r-release-windows-x86_64 2.0.3 9.00 99.00 108.00 NOTE
r-oldrel-macos-arm64 2.0.3 29.00 OK
r-oldrel-macos-x86_64 2.0.3 47.00 OK
r-oldrel-windows-x86_64 2.0.3 10.00 79.00 89.00 OK

Check Details

Version: 2.0.3
Check: DESCRIPTION meta-information
Result: NOTE Missing dependency on R >= 4.1.0 because package code uses the pipe |> or function shorthand \(...) syntax added in R 4.1.0. File(s) using such syntax: ‘crypto_global_quotes.R’ ‘crypto_history.R’ ‘crypto_info.R’ ‘crypto_listings.R’ Flavors: r-devel-linux-x86_64-debian-clang, r-devel-linux-x86_64-debian-gcc, r-devel-linux-x86_64-fedora-clang, r-devel-linux-x86_64-fedora-gcc, r-devel-windows-x86_64, r-patched-linux-x86_64, r-release-linux-x86_64, r-release-macos-arm64, r-release-macos-x86_64, r-release-windows-x86_64