Last updated on 2024-05-11 12:47:57 CEST.
Flavor | Version | Tinstall | Tcheck | Ttotal | Status | Flags |
---|---|---|---|---|---|---|
r-devel-linux-x86_64-debian-clang | 0.0.21 | 9.34 | 76.86 | 86.20 | NOTE | |
r-devel-linux-x86_64-debian-gcc | 0.0.21 | 6.27 | 57.71 | 63.98 | NOTE | |
r-devel-linux-x86_64-fedora-clang | 0.0.21 | 114.38 | NOTE | |||
r-devel-linux-x86_64-fedora-gcc | 0.0.21 | 173.92 | NOTE | |||
r-devel-windows-x86_64 | 0.0.21 | 7.00 | 88.00 | 95.00 | NOTE | |
r-patched-linux-x86_64 | 0.0.21 | 9.61 | 73.96 | 83.57 | NOTE | |
r-release-linux-x86_64 | 0.0.21 | 8.20 | 74.20 | 82.40 | NOTE | |
r-release-macos-arm64 | 0.0.21 | 36.00 | NOTE | |||
r-release-macos-x86_64 | 0.0.21 | 71.00 | OK | |||
r-release-windows-x86_64 | 0.0.21 | 8.00 | 86.00 | 94.00 | NOTE | |
r-oldrel-macos-arm64 | 0.0.21 | 38.00 | OK | |||
r-oldrel-macos-x86_64 | 0.0.21 | 71.00 | OK | |||
r-oldrel-windows-x86_64 | 0.0.21 | 7.00 | 94.00 | 101.00 | OK |
Version: 0.0.21
Check: Rd files
Result: NOTE
checkRd: (-1) normFit.Rd:39: Lost braces; missing escapes or markup?
39 | {analytes}}
| ^
checkRd: (-1) normPred.Rd:27: Lost braces
27 | ode{standards}, \code{analytes}}
| ^
Flavors: r-devel-linux-x86_64-debian-clang, r-devel-linux-x86_64-debian-gcc, r-devel-linux-x86_64-fedora-clang, r-devel-linux-x86_64-fedora-gcc, r-devel-windows-x86_64, r-patched-linux-x86_64, r-release-linux-x86_64, r-release-macos-arm64, r-release-windows-x86_64