Last updated on 2024-05-21 12:52:47 CEST.
Flavor | Version | Tinstall | Tcheck | Ttotal | Status | Flags |
---|---|---|---|---|---|---|
r-devel-linux-x86_64-debian-clang | 0.1.3 | 5.29 | 198.72 | 204.01 | OK | |
r-devel-linux-x86_64-debian-gcc | 0.1.3 | 3.74 | 132.35 | 136.09 | OK | |
r-devel-linux-x86_64-fedora-clang | 0.1.3 | 248.49 | NOTE | |||
r-devel-linux-x86_64-fedora-gcc | 0.1.3 | 254.65 | OK | |||
r-devel-windows-x86_64 | 0.1.3 | 5.00 | 347.00 | 352.00 | OK | |
r-patched-linux-x86_64 | 0.1.3 | 3.91 | 184.61 | 188.52 | OK | |
r-release-linux-x86_64 | 0.1.3 | 3.95 | 193.69 | 197.64 | OK | |
r-release-macos-arm64 | 0.1.3 | 68.00 | OK | |||
r-release-macos-x86_64 | 0.1.3 | 242.00 | OK | |||
r-release-windows-x86_64 | 0.1.3 | 6.00 | 268.00 | 274.00 | OK | |
r-oldrel-macos-arm64 | 0.1.3 | 70.00 | OK | |||
r-oldrel-macos-x86_64 | 0.1.3 | 181.00 | OK | |||
r-oldrel-windows-x86_64 | 0.1.3 | 6.00 | 282.00 | 288.00 | OK |
Version: 0.1.3
Check: Rd cross-references
Result: NOTE
Undeclared package ‘dfcrm’ in Rd xrefs
Flavor: r-devel-linux-x86_64-fedora-clang