Last updated on 2025-05-22 23:52:12 CEST.
Flavor | Version | Tinstall | Tcheck | Ttotal | Status | Flags |
---|---|---|---|---|---|---|
r-devel-linux-x86_64-debian-clang | 0.6.0 | 8.40 | 350.14 | 358.54 | OK | |
r-devel-linux-x86_64-debian-gcc | 0.6.0 | 5.92 | 255.04 | 260.96 | OK | |
r-devel-linux-x86_64-fedora-clang | 0.6.0 | 534.67 | OK | |||
r-devel-linux-x86_64-fedora-gcc | 0.6.0 | 569.24 | OK | |||
r-devel-windows-x86_64 | 0.6.0 | 12.00 | 334.00 | 346.00 | OK | |
r-patched-linux-x86_64 | 0.6.0 | 7.75 | 352.44 | 360.19 | OK | |
r-release-linux-x86_64 | 0.6.0 | 8.67 | 339.83 | 348.50 | OK | |
r-release-macos-arm64 | 0.6.0 | 208.00 | OK | |||
r-release-macos-x86_64 | 0.6.0 | 345.00 | OK | |||
r-release-windows-x86_64 | 0.6.0 | 11.00 | 334.00 | 345.00 | OK | |
r-oldrel-macos-arm64 | 0.6.0 | 157.00 | NOTE | |||
r-oldrel-macos-x86_64 | 0.6.0 | 260.00 | NOTE | |||
r-oldrel-windows-x86_64 | 0.6.0 | 12.00 | 470.00 | 482.00 | NOTE |
Version: 0.6.0
Check: installed package size
Result: NOTE
installed size is 5.4Mb
sub-directories of 1Mb or more:
doc 5.1Mb
Flavors: r-oldrel-macos-arm64, r-oldrel-macos-x86_64, r-oldrel-windows-x86_64