Last updated on 2024-05-03 01:51:15 CEST.
Flavor | Version | Tinstall | Tcheck | Ttotal | Status | Flags |
---|---|---|---|---|---|---|
r-devel-linux-x86_64-debian-clang | 0.5.1 | 115.12 | 172.96 | 288.08 | OK | |
r-devel-linux-x86_64-debian-gcc | 0.5.1 | 79.58 | 128.82 | 208.40 | OK | |
r-devel-linux-x86_64-fedora-clang | 0.5.1 | 401.22 | NOTE | |||
r-devel-linux-x86_64-fedora-gcc | 0.5.1 | 382.22 | NOTE | |||
r-devel-windows-x86_64 | 0.5.1 | 89.00 | 182.00 | 271.00 | OK | |
r-patched-linux-x86_64 | 0.5.1 | 112.70 | 167.48 | 280.18 | OK | |
r-release-linux-x86_64 | 0.5.1 | 102.56 | 169.21 | 271.77 | OK | |
r-release-macos-arm64 | 0.5.1 | 87.00 | OK | |||
r-release-windows-x86_64 | 0.5.1 | 87.00 | 176.00 | 263.00 | OK | |
r-oldrel-macos-arm64 | 0.5.1 | 83.00 | OK | |||
r-oldrel-macos-x86_64 | 0.5.1 | 211.00 | OK | |||
r-oldrel-windows-x86_64 | 0.5.1 | 105.00 | 215.00 | 320.00 | OK |
Version: 0.5.1
Check: data for non-ASCII characters
Result: NOTE
Note: found 438 marked UTF-8 strings
Flavors: r-devel-linux-x86_64-fedora-clang, r-devel-linux-x86_64-fedora-gcc