Last updated on 2024-05-13 09:50:40 CEST.
Flavor | Version | Tinstall | Tcheck | Ttotal | Status | Flags |
---|---|---|---|---|---|---|
r-devel-linux-x86_64-debian-clang | 1.2.1 | 4.15 | 86.05 | 90.20 | OK | |
r-devel-linux-x86_64-debian-gcc | 1.2.1 | 3.47 | 62.97 | 66.44 | OK | |
r-devel-linux-x86_64-fedora-clang | 1.2.1 | 110.53 | NOTE | |||
r-devel-linux-x86_64-fedora-gcc | 1.2.1 | 124.31 | OK | |||
r-devel-windows-x86_64 | 1.2.1 | 4.00 | 76.00 | 80.00 | OK | |
r-patched-linux-x86_64 | 1.2.1 | 3.81 | 81.69 | 85.50 | OK | |
r-release-linux-x86_64 | 1.2.1 | 3.54 | 81.14 | 84.68 | OK | |
r-release-macos-arm64 | 1.2.1 | 36.00 | OK | |||
r-release-windows-x86_64 | 1.2.1 | 5.00 | 76.00 | 81.00 | OK | |
r-oldrel-macos-arm64 | 1.2.1 | 102.00 | OK | |||
r-oldrel-macos-x86_64 | 1.2.1 | 357.00 | OK | |||
r-oldrel-windows-x86_64 | 1.2.1 | 4.00 | 87.00 | 91.00 | OK |
Version: 1.2.1
Check: Rd cross-references
Result: NOTE
Undeclared package ‘ggplot2’ in Rd xrefs
Flavor: r-devel-linux-x86_64-fedora-clang