CRAN Package Check Results for Package confinterpret

Last updated on 2025-07-03 11:49:36 CEST.

Flavor Version Tinstall Tcheck Ttotal Status Flags
r-devel-linux-x86_64-debian-clang 1.0.0 2.44 25.97 28.41 OK
r-devel-linux-x86_64-debian-gcc 1.0.0 1.90 21.25 23.15 OK
r-devel-linux-x86_64-fedora-clang 1.0.0 40.50 OK
r-devel-linux-x86_64-fedora-gcc 1.0.0 40.30 OK
r-devel-windows-x86_64 1.0.0 3.00 54.00 57.00 OK
r-patched-linux-x86_64 1.0.0 3.02 23.51 26.53 OK
r-release-linux-x86_64 1.0.0 2.50 23.98 26.48 OK
r-release-macos-arm64 1.0.0 19.00 OK
r-release-macos-x86_64 1.0.0 29.00 OK
r-release-windows-x86_64 1.0.0 4.00 55.00 59.00 OK
r-oldrel-macos-arm64 1.0.0 22.00 NOTE
r-oldrel-macos-x86_64 1.0.0 25.00 NOTE
r-oldrel-windows-x86_64 1.0.0 3.00 56.00 59.00 NOTE

Check Details

Version: 1.0.0
Check: LazyData
Result: NOTE 'LazyData' is specified without a 'data' directory Flavors: r-oldrel-macos-arm64, r-oldrel-macos-x86_64, r-oldrel-windows-x86_64