CRAN Package Check Results for Package concorR

Last updated on 2025-07-04 12:48:57 CEST.

Flavor Version Tinstall Tcheck Ttotal Status Flags
r-devel-linux-x86_64-debian-clang 0.2.1 2.16 23.50 25.66 NOTE
r-devel-linux-x86_64-debian-gcc 0.2.1 1.66 19.26 20.92 NOTE
r-devel-linux-x86_64-fedora-clang 0.2.1 37.62 OK
r-devel-linux-x86_64-fedora-gcc 0.2.1 36.01 OK
r-devel-windows-x86_64 0.2.1 3.00 45.00 48.00 OK
r-patched-linux-x86_64 0.2.1 2.21 21.01 23.22 OK
r-release-linux-x86_64 0.2.1 2.06 20.71 22.77 OK
r-release-macos-arm64 0.2.1 19.00 OK
r-release-macos-x86_64 0.2.1 26.00 OK
r-release-windows-x86_64 0.2.1 4.00 46.00 50.00 OK
r-oldrel-macos-arm64 0.2.1 15.00 OK
r-oldrel-macos-x86_64 0.2.1 23.00 OK
r-oldrel-windows-x86_64 0.2.1 5.00 49.00 54.00 OK

Check Details

Version: 0.2.1
Check: CRAN incoming feasibility
Result: NOTE Maintainer: ‘Adrienne Traxler <adrienne.traxler@wright.edu>’ Package CITATION file contains call(s) to old-style personList() or as.personList(). Please use c() on person objects instead. Package CITATION file contains call(s) to old-style citEntry(). Please use bibentry() instead. Flavors: r-devel-linux-x86_64-debian-clang, r-devel-linux-x86_64-debian-gcc