Last updated on 2024-05-09 21:52:55 CEST.
Flavor | Version | Tinstall | Tcheck | Ttotal | Status | Flags |
---|---|---|---|---|---|---|
r-devel-linux-x86_64-debian-clang | 0.1.1 | 5.66 | 185.70 | 191.36 | NOTE | |
r-devel-linux-x86_64-debian-gcc | 0.1.1 | 4.75 | 136.63 | 141.38 | NOTE | |
r-devel-linux-x86_64-fedora-clang | 0.1.1 | 261.89 | NOTE | |||
r-devel-linux-x86_64-fedora-gcc | 0.1.1 | 332.44 | NOTE | |||
r-devel-windows-x86_64 | 0.1.1 | 8.00 | 215.00 | 223.00 | NOTE | |
r-patched-linux-x86_64 | 0.1.1 | 12.45 | 174.23 | 186.68 | NOTE | |
r-release-linux-x86_64 | 0.1.1 | 6.00 | 174.15 | 180.15 | NOTE | |
r-release-macos-arm64 | 0.1.1 | 83.00 | NOTE | |||
r-release-windows-x86_64 | 0.1.1 | 8.00 | 213.00 | 221.00 | NOTE | |
r-oldrel-macos-arm64 | 0.1.1 | 84.00 | NOTE | |||
r-oldrel-macos-x86_64 | 0.1.1 | 136.00 | NOTE | |||
r-oldrel-windows-x86_64 | 0.1.1 | 10.00 | 228.00 | 238.00 | NOTE |
Version: 0.1.1
Check: LazyData
Result: NOTE
'LazyData' is specified without a 'data' directory
Flavors: r-devel-linux-x86_64-debian-clang, r-devel-linux-x86_64-debian-gcc, r-devel-linux-x86_64-fedora-clang, r-devel-linux-x86_64-fedora-gcc, r-devel-windows-x86_64, r-patched-linux-x86_64, r-release-linux-x86_64, r-release-macos-arm64, r-release-windows-x86_64, r-oldrel-macos-arm64, r-oldrel-macos-x86_64, r-oldrel-windows-x86_64