Last updated on 2024-04-28 18:51:24 CEST.
Flavor | Version | Tinstall | Tcheck | Ttotal | Status | Flags |
---|---|---|---|---|---|---|
r-devel-linux-x86_64-debian-clang | 1.0.1 | 2.79 | 60.01 | 62.80 | NOTE | |
r-devel-linux-x86_64-debian-gcc | 1.0.1 | 2.01 | 40.28 | 42.29 | NOTE | |
r-devel-linux-x86_64-fedora-clang | 1.0.1 | 78.06 | NOTE | |||
r-devel-linux-x86_64-fedora-gcc | 1.0.1 | 97.89 | NOTE | |||
r-devel-windows-x86_64 | 1.0.1 | 4.00 | 57.00 | 61.00 | NOTE | |
r-patched-linux-x86_64 | 1.0.1 | 2.82 | 54.65 | 57.47 | NOTE | |
r-release-linux-x86_64 | 1.0.1 | 2.55 | 55.96 | 58.51 | NOTE | |
r-release-macos-arm64 | 1.0.1 | 28.00 | NOTE | |||
r-release-windows-x86_64 | 1.0.1 | 3.00 | 57.00 | 60.00 | NOTE | |
r-oldrel-macos-arm64 | 1.0.1 | 33.00 | NOTE | |||
r-oldrel-macos-x86_64 | 1.0.1 | 44.00 | NOTE | |||
r-oldrel-windows-x86_64 | 1.0.1 | 4.00 | 64.00 | 68.00 | NOTE |
Version: 1.0.1
Check: LazyData
Result: NOTE
'LazyData' is specified without a 'data' directory
Flavors: r-devel-linux-x86_64-debian-clang, r-devel-linux-x86_64-debian-gcc, r-devel-linux-x86_64-fedora-clang, r-devel-linux-x86_64-fedora-gcc, r-devel-windows-x86_64, r-patched-linux-x86_64, r-release-linux-x86_64, r-release-macos-arm64, r-release-windows-x86_64, r-oldrel-macos-arm64, r-oldrel-macos-x86_64, r-oldrel-windows-x86_64