Last updated on 2024-05-07 15:48:21 CEST.
Flavor | Version | Tinstall | Tcheck | Ttotal | Status | Flags |
---|---|---|---|---|---|---|
r-devel-linux-x86_64-debian-clang | 1.2.4 | 39.50 | 30.20 | 69.70 | NOTE | |
r-devel-linux-x86_64-debian-gcc | 1.2.4 | 29.11 | 23.13 | 52.24 | NOTE | |
r-devel-linux-x86_64-fedora-clang | 1.2.4 | 107.24 | NOTE | |||
r-devel-linux-x86_64-fedora-gcc | 1.2.4 | 145.06 | NOTE | |||
r-devel-windows-x86_64 | 1.2.4 | 31.00 | 66.00 | 97.00 | NOTE | |
r-patched-linux-x86_64 | 1.2.4 | 39.58 | 27.94 | 67.52 | NOTE | |
r-release-linux-x86_64 | 1.2.4 | 38.93 | 28.46 | 67.39 | NOTE | |
r-release-macos-arm64 | 1.2.4 | 32.00 | NOTE | |||
r-release-windows-x86_64 | 1.2.4 | 30.00 | 67.00 | 97.00 | NOTE | |
r-oldrel-macos-arm64 | 1.2.4 | 28.00 | NOTE | |||
r-oldrel-macos-x86_64 | 1.2.4 | 45.00 | NOTE | |||
r-oldrel-windows-x86_64 | 1.2.4 | 32.00 | 73.00 | 105.00 | NOTE |
Version: 1.2.4
Check: C++ specification
Result: NOTE
Specified C++11: please drop specification unless essential
Flavors: r-devel-linux-x86_64-debian-clang, r-devel-linux-x86_64-debian-gcc, r-devel-linux-x86_64-fedora-clang, r-devel-linux-x86_64-fedora-gcc, r-devel-windows-x86_64, r-patched-linux-x86_64, r-release-linux-x86_64, r-release-macos-arm64, r-release-windows-x86_64, r-oldrel-macos-arm64, r-oldrel-macos-x86_64, r-oldrel-windows-x86_64