CRAN Package Check Results for Package chyper

Last updated on 2025-07-04 02:51:44 CEST.

Flavor Version Tinstall Tcheck Ttotal Status Flags
r-devel-linux-x86_64-debian-clang 0.3.1 2.62 30.95 33.57 NOTE
r-devel-linux-x86_64-debian-gcc 0.3.1 1.94 24.63 26.57 NOTE
r-devel-linux-x86_64-fedora-clang 0.3.1 53.33 OK
r-devel-linux-x86_64-fedora-gcc 0.3.1 66.34 OK
r-devel-windows-x86_64 0.3.1 3.00 58.00 61.00 OK
r-patched-linux-x86_64 0.3.1 2.81 28.85 31.66 OK
r-release-linux-x86_64 0.3.1 2.44 28.81 31.25 OK
r-release-macos-arm64 0.3.1 29.00 OK
r-release-macos-x86_64 0.3.1 60.00 OK
r-release-windows-x86_64 0.3.1 3.00 57.00 60.00 OK
r-oldrel-macos-arm64 0.3.1 32.00 OK
r-oldrel-macos-x86_64 0.3.1 48.00 OK
r-oldrel-windows-x86_64 0.3.1 4.00 63.00 67.00 OK

Check Details

Version: 0.3.1
Check: CRAN incoming feasibility
Result: NOTE Maintainer: ‘William Nickols <willnickols@college.harvard.edu>’ No Authors@R field in DESCRIPTION. Please add one, modifying Authors@R: person(given = "William", family = "Nickols", role = c("aut", "cre"), email = "willnickols@college.harvard.edu") as necessary. Flavors: r-devel-linux-x86_64-debian-clang, r-devel-linux-x86_64-debian-gcc