CRAN Package Check Results for Package cheese

Last updated on 2025-05-24 21:50:37 CEST.

Flavor Version Tinstall Tcheck Ttotal Status Flags
r-devel-linux-x86_64-debian-clang 0.1.2 4.17 101.78 105.95 NOTE
r-devel-linux-x86_64-debian-gcc 0.1.2 2.93 69.98 72.91 NOTE
r-devel-linux-x86_64-fedora-clang 0.1.2 166.65 OK
r-devel-linux-x86_64-fedora-gcc 0.1.2 172.41 OK
r-devel-windows-x86_64 0.1.2 9.00 156.00 165.00 NOTE
r-patched-linux-x86_64 0.1.2 3.92 97.56 101.48 NOTE
r-release-linux-x86_64 0.1.2 4.38 97.20 101.58 NOTE
r-release-macos-arm64 0.1.2 56.00 OK
r-release-macos-x86_64 0.1.2 187.00 OK
r-release-windows-x86_64 0.1.2 7.00 111.00 118.00 NOTE
r-oldrel-macos-arm64 0.1.2 56.00 OK
r-oldrel-macos-x86_64 0.1.2 91.00 OK
r-oldrel-windows-x86_64 0.1.2 8.00 146.00 154.00 OK

Check Details

Version: 0.1.2
Check: Rd cross-references
Result: NOTE Found the following Rd file(s) with Rd \link{} targets missing package anchors: pipe.Rd: magrittr Please provide package anchors for all Rd \link{} targets not in the package itself and the base packages. Flavors: r-devel-linux-x86_64-debian-clang, r-devel-linux-x86_64-debian-gcc, r-devel-windows-x86_64, r-patched-linux-x86_64, r-release-linux-x86_64, r-release-windows-x86_64