CRAN Package Check Results for Package cfmortality

Last updated on 2025-05-23 00:50:10 CEST.

Flavor Version Tinstall Tcheck Ttotal Status Flags
r-devel-linux-x86_64-debian-clang 0.3.0 1.71 16.13 17.84 OK
r-devel-linux-x86_64-debian-gcc 0.3.0 1.26 13.47 14.73 OK
r-devel-linux-x86_64-fedora-clang 0.3.0 27.56 OK
r-devel-linux-x86_64-fedora-gcc 0.3.0 26.17 OK
r-devel-windows-x86_64 0.3.0 2.00 38.00 40.00 OK
r-patched-linux-x86_64 0.3.0 1.61 15.59 17.20 OK
r-release-linux-x86_64 0.3.0 1.65 15.41 17.06 OK
r-release-macos-arm64 0.3.0 18.00 OK
r-release-macos-x86_64 0.3.0 21.00 OK
r-release-windows-x86_64 0.3.0 2.00 36.00 38.00 OK
r-oldrel-macos-arm64 0.3.0 20.00 NOTE
r-oldrel-macos-x86_64 0.3.0 21.00 NOTE
r-oldrel-windows-x86_64 0.3.0 3.00 33.00 36.00 NOTE

Check Details

Version: 0.3.0
Check: LazyData
Result: NOTE 'LazyData' is specified without a 'data' directory Flavors: r-oldrel-macos-arm64, r-oldrel-macos-x86_64, r-oldrel-windows-x86_64